{"id":11,"date":"2018-12-03T09:33:18","date_gmt":"2018-12-03T08:33:18","guid":{"rendered":"http:\/\/psonizgierz.pl\/?page_id=11"},"modified":"2021-06-16T13:34:19","modified_gmt":"2021-06-16T11:34:19","slug":"o-nas","status":"publish","type":"page","link":"https:\/\/psonizgierz.pl\/?page_id=11","title":{"rendered":"O Nas"},"content":{"rendered":"\n<figure class=\"wp-block-image\"><img loading=\"lazy\" decoding=\"async\" width=\"1024\" height=\"681\" src=\"https:\/\/psonizgierz.pl\/wp-content\/uploads\/2018\/12\/33711465_1738376526251251_1957499085376192512_o-1024x681.jpg\" alt=\"Dziewczynka trzymaj\u0105ca has\u0142o: Nie b\u00f3j si\u0119 mi\u0142o\u015bci nigdy\" class=\"wp-image-542\" srcset=\"https:\/\/psonizgierz.pl\/wp-content\/uploads\/2018\/12\/33711465_1738376526251251_1957499085376192512_o-1024x681.jpg 1024w, https:\/\/psonizgierz.pl\/wp-content\/uploads\/2018\/12\/33711465_1738376526251251_1957499085376192512_o-300x199.jpg 300w, https:\/\/psonizgierz.pl\/wp-content\/uploads\/2018\/12\/33711465_1738376526251251_1957499085376192512_o-768x511.jpg 768w, https:\/\/psonizgierz.pl\/wp-content\/uploads\/2018\/12\/33711465_1738376526251251_1957499085376192512_o.jpg 1692w\" sizes=\"auto, (max-width: 1024px) 100vw, 1024px\" \/><\/figure>\n\n\n\n<p class=\"has-text-align-left\"><strong>\u017bycie pojedynczego cz\u0142owieka znaczy co\u015b tylko wtedy, je\u015bli dzi\u0119ki niemu \u017cycie ka\u017cdej \u017cywej istoty staje si\u0119 bardziej godne i pi\u0119kne. \u017bycie stanowi \u015bwi\u0119to\u015b\u0107, to znaczy jest warto\u015bci\u0105 nadrz\u0119dn\u0105, kt\u00f3rej wszelkie inne warto\u015bci s\u0105 podporz\u0105dkowane. -A. Einstein<\/strong><\/p>\n\n\n<h3 style=\"text-align: left;\"><strong><em>Patrz na moj\u0105 si\u0142\u0119 a nie s\u0142abo\u015b\u0107, dzisiaj zrobi\u0142em to,co wczoraj by\u0142o niemo\u017cliwe<\/em><\/strong><\/h3>\n<p><strong>Polskie Stowarzyszenie na rzecz Os\u00f3b z Niepe\u0142nosprawno\u015bci\u0105 Intelektualn\u0105 Ko\u0142o w Zgierzu<\/strong> jest organizacj\u0105 pozarz\u0105dow\u0105 i niedochodow\u0105, ko\u0142em terenowym organizacji o zasi\u0119gu og\u00f3lnopolskim z Zarz\u0105dem G\u0142\u00f3wnym w Warszawie. Ko\u0142o jest zarejestrowane w S\u0105dzie Okr\u0119gowym w \u0141odzi pod nr 265 w rejestrze stowarzysze\u0144 dzia\u0142 &#8222;A&#8221;, <strong>KRS 0000046184<\/strong> i <strong>posiada osobowo\u015b\u0107 prawn\u0105.<\/strong> Obejmuje opiek\u0105 dzieci, m\u0142odzie\u017c i osoby doros\u0142e z niepe\u0142nosprawno\u015bci\u0105 intelektualn\u0105 oraz ich rodziny ze Zgierza i okolicznych gmin wojew\u00f3dztwa \u0142\u00f3dzkiego.<\/p>\n<p>Zrzesza rodzic\u00f3w, osoby z niepe\u0142nosprawno\u015bci\u0105,profesjonalist\u00f3w, wszystkich, kt\u00f3rzy pragn\u0105 wspiera\u0107 nas w dzia\u0142aniach na rzecz zapewnienie godnych warunk\u00f3w do \u017cycia i samorealizacji os\u00f3b z niepe\u0142nosprawno\u015bci\u0105\u00a0 na drodze od dzieci\u0144stwa przez doros\u0142o\u015b\u0107 i staro\u015b\u0107 oraz ich rodzin<\/p>\n<p>W centrum uwagi jest <em><strong>OSOBA z Niepe\u0142nosprawno\u015bci\u0105 Intelektualn\u0105 i RODZINA<\/strong><\/em><\/p>\n<p><strong>Celem<\/strong>\u00a0 jest dzia\u0142anie na rzecz wyr\u00f3wnywania szans os\u00f3b z niepe\u0142nosprawno\u015bci\u0105 intelektualn\u0105, tworzenia warunk\u00f3w przestrzegania wobec nich praw cz\u0142owieka, prowadzenia ich ku aktywnemu uczestnictwu w \u017cyciu spo\u0142ecznym, dzia\u0142anie na rzecz ochrony ich zdrowia, oraz wspieranie ich rodzin. (Art.4.Statutu)<\/p>\n<p><strong>Misj\u0105<\/strong>\u00a0 jest dbanie o godno\u015b\u0107 ludzk\u0105, miejsce w rodzinie i w\u015br\u00f3d ludzi oraz szcz\u0119\u015bcie os\u00f3b z NI, wspieranie rodzin, aby by\u0142y one sprosta\u0107 sytuacjom, kt\u00f3re poci\u0105gaj\u0105 za sob\u0105 fakt urodzenia dziecka z niepe\u0142nosprawno\u015bci\u0105 intelektualn\u0105 oraz wsp\u00f3lne z nim \u017cycie i przekszta\u0142canie w\u0142asnego b\u00f3lu w gotowo\u015b\u0107 niesienia pomocy innym<\/p>\n<p>\u00a0<\/p>\n\n\n<p><strong>Organizacja <em>przyjazna rodzinie w wojew\u00f3dztwie \u0142\u00f3dzkim <\/em><\/strong>w konkursie Marsza\u0142ka Wojew\u00f3dztwa \u0141\u00f3dzkiego\n\n<\/p>\n\n\n\n<p>\n\nOrganizacja z tytu\u0142em <em><strong>Zas\u0142u\u017cony dla Miasta Zgierza<\/strong><\/em><\/p>\n\n\n\n<p> 95-100 Zgierz, ul. Che\u0142mska 42\/42a <\/p>\n\n\n\n<p>psonizgierz.pl<\/p>\n","protected":false},"excerpt":{"rendered":"<p>\u017bycie pojedynczego cz\u0142owieka znaczy co\u015b tylko wtedy, je\u015bli dzi\u0119ki niemu \u017cycie ka\u017cdej \u017cywej istoty staje si\u0119 bardziej godne i pi\u0119kne. \u017bycie stanowi \u015bwi\u0119to\u015b\u0107, to znaczy jest warto\u015bci\u0105 nadrz\u0119dn\u0105, kt\u00f3rej wszelkie inne warto\u015bci s\u0105 podporz\u0105dkowane. -A. Einstein Patrz na moj\u0105 si\u0142\u0119 a nie s\u0142abo\u015b\u0107, dzisiaj zrobi\u0142em to,co wczoraj by\u0142o niemo\u017cliwe Polskie Stowarzyszenie na rzecz Os\u00f3b z [&hellip;]<\/p>\n","protected":false},"author":1,"featured_media":0,"parent":0,"menu_order":0,"comment_status":"closed","ping_status":"closed","template":"full-width.php","meta":{"footnotes":""},"class_list":["post-11","page","type-page","status-publish","hentry"],"_links":{"self":[{"href":"https:\/\/psonizgierz.pl\/index.php?rest_route=\/wp\/v2\/pages\/11","targetHints":{"allow":["GET"]}}],"collection":[{"href":"https:\/\/psonizgierz.pl\/index.php?rest_route=\/wp\/v2\/pages"}],"about":[{"href":"https:\/\/psonizgierz.pl\/index.php?rest_route=\/wp\/v2\/types\/page"}],"author":[{"embeddable":true,"href":"https:\/\/psonizgierz.pl\/index.php?rest_route=\/wp\/v2\/users\/1"}],"replies":[{"embeddable":true,"href":"https:\/\/psonizgierz.pl\/index.php?rest_route=%2Fwp%2Fv2%2Fcomments&post=11"}],"version-history":[{"count":22,"href":"https:\/\/psonizgierz.pl\/index.php?rest_route=\/wp\/v2\/pages\/11\/revisions"}],"predecessor-version":[{"id":3902,"href":"https:\/\/psonizgierz.pl\/index.php?rest_route=\/wp\/v2\/pages\/11\/revisions\/3902"}],"wp:attachment":[{"href":"https:\/\/psonizgierz.pl\/index.php?rest_route=%2Fwp%2Fv2%2Fmedia&parent=11"}],"curies":[{"name":"wp","href":"https:\/\/api.w.org\/{rel}","templated":true}]}}