{"id":128,"date":"2018-12-03T13:40:10","date_gmt":"2018-12-03T12:40:10","guid":{"rendered":"http:\/\/psonizgierz.pl\/?page_id=128"},"modified":"2025-12-07T12:41:47","modified_gmt":"2025-12-07T11:41:47","slug":"placowki","status":"publish","type":"page","link":"https:\/\/psonizgierz.pl\/?page_id=128","title":{"rendered":"Centrum Zdrowia Psychicznego dla Dzieci i M\u0142odzie\u017cy- poradnia zdrowia psychicznego- II poziom referencyjny"},"content":{"rendered":"<div class=\"wp-block-image\">\n<figure class=\"alignleft size-large is-resized\"><a href=\"https:\/\/www.nfz-lodz.pl\/\"><img loading=\"lazy\" decoding=\"async\" src=\"https:\/\/psonizgierz.pl\/wp-content\/uploads\/2018\/12\/nfz_logo_02oX6D62aapFTLo7bXW5mZ-2.jpg\" alt=\"\" class=\"wp-image-688\" width=\"175\" height=\"93\" srcset=\"https:\/\/psonizgierz.pl\/wp-content\/uploads\/2018\/12\/nfz_logo_02oX6D62aapFTLo7bXW5mZ-2.jpg 960w, https:\/\/psonizgierz.pl\/wp-content\/uploads\/2018\/12\/nfz_logo_02oX6D62aapFTLo7bXW5mZ-2-300x160.jpg 300w, https:\/\/psonizgierz.pl\/wp-content\/uploads\/2018\/12\/nfz_logo_02oX6D62aapFTLo7bXW5mZ-2-768x410.jpg 768w\" sizes=\"auto, (max-width: 175px) 100vw, 175px\" \/><\/a><\/figure>\n<\/div>\n\n\n<p><\/p>\n\n\n\n<h4 class=\"wp-block-heading\" id=\"osrodek-realizuje-kontrakt-zawarty-na-podstawie-umowy-z-lodzkim-oddzialem-wojewodzkim-narodowego-funduszu-zdrowia-na-prowadzenie-poradni-zdrowia-psychicznego-dla-dzieci-i-mlodziezy\">O\u015brodek realizuje kontrakt zawarty na podstawie umowy z<strong> \u0141\u00f3dzkim Oddzia\u0142em Wojew\u00f3dzkim Narodowego Funduszu Zdrowia<\/strong> na prowadzenie <\/h4>\n\n\n\n<h2 class=\"wp-block-heading\"><mark style=\"background-color:rgba(0, 0, 0, 0)\" class=\"has-inline-color has-vivid-cyan-blue-color\"><\/mark>Centrum Zdrowia Psychicznego dla Dzieci i M\u0142odzie\u017cy- poradnia zdrowia psychicznego- II poziom referencyjny<\/h2>\n\n\n\n<h3 class=\"wp-block-heading\" id=\"na-terenie-owi-obowiazuje-regulamin-swiadczenia-uslug-w-czasie-epidemii-zapoznaj-sie\"><mark style=\"background-color:rgba(0, 0, 0, 0)\" class=\"has-inline-color has-vivid-cyan-blue-color\"><br><\/mark><\/h3>\n\n\n<div class=\"wp-block-image\">\n<figure class=\"alignleft size-large is-resized\"><img loading=\"lazy\" decoding=\"async\" src=\"https:\/\/psonizgierz.pl\/wp-content\/uploads\/2020\/04\/90927767_2893773740711518_9079162965088796672_n-1.jpg\" alt=\"\" class=\"wp-image-2347\" width=\"138\" height=\"138\" srcset=\"https:\/\/psonizgierz.pl\/wp-content\/uploads\/2020\/04\/90927767_2893773740711518_9079162965088796672_n-1.jpg 346w, https:\/\/psonizgierz.pl\/wp-content\/uploads\/2020\/04\/90927767_2893773740711518_9079162965088796672_n-1-300x300.jpg 300w, https:\/\/psonizgierz.pl\/wp-content\/uploads\/2020\/04\/90927767_2893773740711518_9079162965088796672_n-1-180x180.jpg 180w\" sizes=\"auto, (max-width: 138px) 100vw, 138px\" \/><\/figure>\n<\/div>\n\n\n<p><\/p>\n\n\n\n<h3 class=\"wp-block-heading\" id=\"kontakt-42-717-47-11\"><strong>Kontakt<\/strong>: 42 717 47 11<\/h3>\n\n\n\n<p><\/p>\n\n\n<div class=\"wp-block-image\">\n<figure class=\"alignleft size-large is-resized\"><a href=\"http:\/\/45.132.147.229\/portal\"><img loading=\"lazy\" decoding=\"async\" src=\"https:\/\/psonizgierz.pl\/wp-content\/uploads\/2020\/04\/konsultacja_Psycholog_PTCA_wizyta_button.jpg\" alt=\"\" class=\"wp-image-2368\" width=\"276\" height=\"66\" srcset=\"https:\/\/psonizgierz.pl\/wp-content\/uploads\/2020\/04\/konsultacja_Psycholog_PTCA_wizyta_button.jpg 462w, https:\/\/psonizgierz.pl\/wp-content\/uploads\/2020\/04\/konsultacja_Psycholog_PTCA_wizyta_button-300x72.jpg 300w\" sizes=\"auto, (max-width: 276px) 100vw, 276px\" \/><\/a><\/figure>\n<\/div>\n\n\n<h4 class=\"wp-block-heading\" id=\"owi-pomoc-gmail-com-po-wyslaniu-prosby-skontaktuje-sie-z-panstwem-terapeuta\"><\/h4>\n\n\n\n<div style=\"height:60px\" aria-hidden=\"true\" class=\"wp-block-spacer\"><\/div>\n\n\n\n<p><\/p>\n\n\n\n<p>Warunki przyj\u0119\u0107 do poradni:<\/p>\n\n\n\n<ul class=\"wp-block-list\"><li>W celu dokonania zapisu do Poradni z kodem w nazwie (1701) nie jest wymagane skierowanie.<\/li><li>Rejestracja do poradni mo\u017cliwa jest poprzez kontakt telefoniczny lub osobisty rodzic\u00f3w \/ opiekun\u00f3w prawnych \/ dzieci po uko\u0144czeniu 16 r.\u017c. za ich zgod\u0105.<\/li><li>Rejestracja wymaga podania danych osobowych dziecka oraz rodzica.<\/li><li>Pacjentami Centrum s\u0105 dzieci i m\u0142odzie\u017c do 18 r.\u017c. Osoby od 18 do 21 r.\u017c. \u2013 tylko po dostarczeniu aktualnego za\u015bwiadczenia o nauce w szkole ponadpodstawowej.<\/li><li>Dziecko staraj\u0105ce si\u0119 o przyj\u0119cie nie mo\u017ce by\u0107 uczestnikiem programu Koordynowanej Opieki nad osobami z ca\u0142o\u015bciowymi zaburzeniami rozwoju [czyt. KO-CZR].<\/li><li>Zgoda na udzielenie \u015bwiadcze\u0144 w O\u015brodku musi zosta\u0107 wyra\u017cona na pi\u015bmie przez oboje rodzic\u00f3w (druk w materia\u0142ach do pobrania).<\/li><\/ul>\n\n\n\n<p>Zesp\u00f3\u0142 stanowi\u0105 do\u015bwiadczeni psycholodzy, psychoterapeuci i lekarze specjali\u015bci psychiatrii dzieci i m\u0142odzie\u017cy oraz pedagog specjalny, terapeuta zaj\u0119ciowy, logopeda, fizjoterapeuta znaj\u0105cy problemy psychologiczne oraz zaburzenia psychiczne wieku rozwojowego.<\/p>\n\n\n\n<p>Osoby prowadz\u0105ce psychoterapi\u0119 uko\u0144czy\u0142y odpowiednie akredytowane przez Polskie Towarzystwo Psychologiczne lub Polskie Towarzystwo Psychiatryczne szkolenia uprawniaj\u0105ce do prowadzenie psychoterapii.<\/p>\n\n\n\n<p>Diagnoza i terapia obejmuje cykl konsultacji diagnostycznych u psychologa, psychologa klinicznego oraz\/lub lekarza specjalisty psychiatrii dzieci i m\u0142odzie\u017cy oraz w dalszej kolejno\u015bci w zale\u017cno\u015bci od potrzeb u psychoterapeuty, b\u0105d\u017a innych specjalist\u00f3w.<\/p>\n\n\n\n<ul class=\"wp-block-list\"><li>Pierwsza wizyta u psychologa polega na zebraniu wywiadu rodzinnego i informacji od rodzica lub prawnego opiekuna pacjenta na temat problem\u00f3w dziecka, jego rozwoju i aktualnego funkcjonowania, jak r\u00f3wnie\u017c funkcjonowania rodziny.<\/li><li>Je\u015bli dziecko by\u0142o kiedykolwiek badane przez psychologa lub pedagoga prosimy zg\u0142osi\u0107 si\u0119 z kserokopiami opinii psychologicznych, odpisami wynik\u00f3w bada\u0144 i obserwacji.<\/li><li>Gdy problemy dziecka ujawniaj\u0105 si\u0119 w \u017c\u0142obku, przedszkolu, szkole dodatkowo pomocne jest przedstawienie opinii od opiekuna, nauczyciela.<\/li><li>Na pierwsze spotkanie prosimy przynie\u015b\u0107 ze sob\u0105 wszelk\u0105 zgromadzon\u0105 dokumentacj\u0119 dziecka (ksi\u0105\u017ceczk\u0119 zdrowia, wypisy ze szpitali, wyniki bada\u0144, za\u015bwiadczenia z konsultacji lekarskich i od innych Specjalist\u00f3w, opinie nt. funkcjonowania dziecka itp.).<\/li><\/ul>\n\n\n\n<p>Nast\u0119pne wizyty maj\u0105 charakter diagnostyczny lub terapeutyczny a ich przebieg dopasowany jest do problem\u00f3w dziecka, rozpoznania i aktualnych potrzeb. Ich celem jest wspieranie procesu zmiany w kierunku poprawy stanu psychicznego pacjenta. Intensywno\u015b\u0107 i cz\u0119stotliwo\u015b\u0107 wizyt ustalana jest ze Specjalist\u0105 prowadz\u0105cym oraz zale\u017cy od dost\u0119pno\u015bci grafikowych. Zapisy na kolejne spotkania odbywaj\u0105 si\u0119 z wizyty na wizyt\u0119, w Rejestracji (osobi\u015bcie lub telefonicznie).<\/p>\n\n\n\n<p>Lekarz psychiatra i psycholog poinformuj\u0105 Pa\u0144stwa o zalecanych formach post\u0119powania i terapii, w tym psychoterapii czy farmakoterapii. Skuteczna terapia wielu zaburze\u0144 psychicznych jest mo\u017cliwa, o ile pacjent i jego opiekunowie b\u0119d\u0105 systematycznie uczestniczyli w cyklu regularnych wizyt.<\/p>\n\n\n\n<p>W ramach Poradni realizowane s\u0105 nast\u0119puj\u0105ce \u015bwiadczenia:<\/p>\n\n\n\n<p>* porada lekarska diagnostyczna<\/p>\n\n\n\n<p>* porada lekarska terapeutyczna<\/p>\n\n\n\n<p>* porada lekarska kontrolna<\/p>\n\n\n\n<p>* porada psychologiczna diagnostyczna (porada, kt\u00f3rej celem jest wykonanie diagnozy albo pog\u0142\u0119bionej diagnostyki uzupe\u0142niaj\u0105cej diagnoz\u0119 funkcjonaln\u0105 na I poziomie referencyjnym, udzielana z wykorzystaniem metod klinicznych (wywiad, obserwacja, rozmowa) albo wystandaryzowanych narz\u0119dzi psychologicznych, rozpoczynaj\u0105ca lub weryfikuj\u0105ca proces diagnostyczno-terapeutyczny, kt\u00f3ry mo\u017ce wymaga\u0107 od 1 do 5 porad diagnostycznych, zako\u0144czona przekazaniem diagnozy, zalece\u0144 lub planu leczenia);<\/p>\n\n\n\n<p>* sesja psychoterapii indywidualnej (przyj\u0119cie na psychoterapi\u0119 mo\u017cliwe jest wy\u0142\u0105cznie na podstawie wskaza\u0144 wynikaj\u0105cych z indywidulanego planu leczenia pacjenta od specjalist\u00f3w plac\u00f3wki I lub II lub III poziomu referencyjnego);<\/p>\n\n\n\n<p>Jednostki chorobowe zgodnie z klasyfikacj\u0105 ICD 10, leczone w kom\u00f3rce organizacyjnej, w ramach \u015bwiadcze\u0144 sesji psychoterapii indywidualnej to wy\u0142\u0105cznie:<\/p>\n\n\n\n<figure class=\"wp-block-table\"><table><tbody><tr><td>Schizofrenia, zaburzenia schizotypowe i urojeniowe<\/td><td>&nbsp;(F20-29)<\/td><\/tr><tr><td>Zaburzenia nastroju (afektywne)<\/td><td>(F30\u201339)<\/td><\/tr><tr><td>Zaburzenia l\u0119kowe w postaci fobii<\/td><td>(F40)<\/td><\/tr><tr><td>Inne zaburzenia l\u0119kowe<\/td><td>(F41)<\/td><\/tr><tr><td>Zaburzenia obsesyjno-kompulsyjne<\/td><td>(F42)<\/td><\/tr><tr><td>Zaburzenie stresowe pourazowe<\/td><td>(F43.1)<\/td><\/tr><tr><td>Zaburzenia adaptacyjne (F43.2) pod warunkiem wsp\u00f3\u0142wyst\u0119powania kod\u00f3w X60-X84<\/td><td>(F43.2)<\/td><\/tr><tr><td>Zaburzenia dysocjacyjne (konwersyjne)<\/td><td>(F44)<\/td><\/tr><tr><td>Zaburzenia wyst\u0119puj\u0105ce pod mask\u0105 somatyczn\u0105<\/td><td>(F45)<\/td><\/tr><tr><td>Zaburzenia od\u017cywiania<\/td><td>(F50)<\/td><\/tr><tr><td>Specyficzne zaburzenia osobowo\u015bci<\/td><td>(F60)<\/td><\/tr><tr><td>Zaburzenia osobowo\u015bci mieszane i inne<\/td><td>(F61<\/td><\/tr><tr><td>Trwa\u0142e zmiany osobowo\u015bci niewynikaj\u0105ce z uszkodzenia ani z choroby m\u00f3zgu<\/td><td>(F62)<\/td><\/tr><tr><td>Zaburzenia nawyk\u00f3w i pop\u0119d\u00f3w<\/td><td>(F63)<\/td><\/tr><tr><td>Upo\u015bledzenie umys\u0142owe lekkiego stopnia, pod warunkiem wsp\u00f3\u0142wyst\u0119powania kod\u00f3w X60-X84<\/td><td>(F70)<\/td><\/tr><tr><td>Specyficzne zaburzenia rozwoju mowy i j\u0119zyka, pod warunkiem wsp\u00f3\u0142wyst\u0119powania kod\u00f3w X60-X84<\/td><td>(F80)<\/td><\/tr><tr><td>Specyficzne zaburzenia rozwoju umiej\u0119tno\u015bci szkolnych, pod warunkiem wsp\u00f3\u0142wyst\u0119powania kod\u00f3w X60-X84<\/td><td>(F81)<\/td><\/tr><tr><td>Specyficzne zaburzenia rozwojowe funkcji motorycznych, pod warunkiem wsp\u00f3\u0142wyst\u0119powania kod\u00f3w X60-X84<\/td><td>(F82)<\/td><\/tr><tr><td>Mieszane specyficzne zaburzenia rozwojowe, pod warunkiem wsp\u00f3\u0142wyst\u0119powania kod\u00f3w X60-X84<\/td><td>(F83)<\/td><\/tr><tr><td>Ca\u0142o\u015bciowe zaburzenia rozwojowe<\/td><td>(F84<\/td><\/tr><tr><td>Zaburzenia hiperkinetyczne, pod warunkiem wsp\u00f3\u0142wyst\u0119powania kod\u00f3w X60-X84<\/td><td>(F90)<\/td><\/tr><tr><td>Zaburzenia zachowania, pod warunkiem wsp\u00f3\u0142wyst\u0119powania kod\u00f3w X60-X84<\/td><td>(F91)<\/td><\/tr><tr><td>Mieszane zaburzenia zachowania i emocji<\/td><td>(F92)<\/td><\/tr><tr><td>Zaburzenia funkcjonowania spo\u0142ecznego rozpoczynaj\u0105ce si\u0119 zwykle w dzieci\u0144stwie lub w wieku m\u0142odzie\u0144czym, pod warunkiem wsp\u00f3\u0142wyst\u0119powania kod\u00f3w X60-X84<\/td><td>(F94)<\/td><\/tr><tr><td>Tiki<\/td><td>(F95)<\/td><\/tr><tr><td>Inne zaburzenia zachowania i emocji rozpoczynaj\u0105ce si\u0119 zwykle w dzieci\u0144stwie i w wieku m\u0142odzie\u0144czym, pod warunkiem wsp\u00f3\u0142wyst\u0119powania kod\u00f3w X60-X84<\/td><td>(F98)<\/td><\/tr><\/tbody><\/table><\/figure>\n\n\n\n<p>* sesja psychoterapii rodzinnej (jw.);<\/p>\n\n\n\n<p>* porada kompleksowo-konsultacyjna dla os\u00f3b z autyzmem dzieci\u0119cym<\/p>\n\n\n\n<ul class=\"wp-block-list\"><li>wst\u0119pne \u2013 diagnostyczne i kontrolne \u015bwiadczenie specjalistyczne dla os\u00f3b z autyzmem dzieci\u0119cym lub innymi ca\u0142o\u015bciowymi zaburzeniami rozwoju (F84), realizowane przez lekarza pediatr\u0119 i psychologa zatrudnionego w poradni, obejmuj\u0105:<\/li><\/ul>\n\n\n\n<p>a) zebranie wywiadu,<\/p>\n\n\n\n<p>b) badanie stanu psychicznego i somatycznego,<\/p>\n\n\n\n<p>c) badanie psychologiczne<\/p>\n\n\n\n<p>d) instrukta\u017c i psychoedukacj\u0119 dla rodzin<\/p>\n\n\n\n<p>* program terapeutyczno-rehabilitacyjny dla os\u00f3b z autyzmem dzieci\u0119cym \u2013 zesp\u00f3\u0142 \u015bwiadcze\u0144 udzielanych \u015bwiadczeniobiorcom z rozpoznaniem autyzmu dzieci\u0119cego lub innych ca\u0142o\u015bciowych zaburze\u0144 rozwoju (F84) i ich rodzinom w celu redukcji objaw\u00f3w psychopatologicznych, poprawy w funkcjonowaniu emocjonalnym, spo\u0142ecznym i poznawczym, poprawy w porozumiewaniu si\u0119 werbalnym i niewerbalnym, usamodzielnienia i przygotowania do \u017cycia w wieku doros\u0142ym \u2013 \u0142\u0105cznie dla jednego \u015bwiadczeniobiorcy do 360 godzin leczenia w okresie roku; program jest realizowany przez zesp\u00f3\u0142 specjalist\u00f3w (psycholog, pedagog specjalny, fizjoterapeuta, logopeda, terapeuta zaj\u0119ciowy) i obejmuje:<\/p>\n\n\n\n<p>a) wizyty terapeutyczne, polegaj\u0105ce na indywidualnej terapii,<\/p>\n\n\n\n<p>b) terapi\u0119 i poradnictwo psychologiczne dla \u015bwiadczeniobiorc\u00f3w i ich rodzin,<\/p>\n\n\n\n<p>c) terapi\u0119 zaburze\u0144 mowy oraz porozumiewania si\u0119,<\/p>\n\n\n\n<p>d) psychoedukacj\u0119 przedstawicieli ustawowych.<\/p>\n\n\n\n<p><\/p>\n\n\n\n<h2 class=\"wp-block-heading\" id=\"nasz-zespol\"><\/h2>\n","protected":false},"excerpt":{"rendered":"<p>O\u015brodek realizuje kontrakt zawarty na podstawie umowy z \u0141\u00f3dzkim Oddzia\u0142em Wojew\u00f3dzkim Narodowego Funduszu Zdrowia na prowadzenie Centrum Zdrowia Psychicznego dla Dzieci i M\u0142odzie\u017cy- poradnia zdrowia psychicznego- II poziom referencyjny Kontakt: 42 717 47 11 Warunki przyj\u0119\u0107 do poradni: W celu dokonania zapisu do Poradni z kodem w nazwie (1701) nie jest wymagane skierowanie. Rejestracja do [&hellip;]<\/p>\n","protected":false},"author":1,"featured_media":0,"parent":0,"menu_order":0,"comment_status":"closed","ping_status":"closed","template":"full-width.php","meta":{"footnotes":""},"class_list":["post-128","page","type-page","status-publish","hentry"],"_links":{"self":[{"href":"https:\/\/psonizgierz.pl\/index.php?rest_route=\/wp\/v2\/pages\/128","targetHints":{"allow":["GET"]}}],"collection":[{"href":"https:\/\/psonizgierz.pl\/index.php?rest_route=\/wp\/v2\/pages"}],"about":[{"href":"https:\/\/psonizgierz.pl\/index.php?rest_route=\/wp\/v2\/types\/page"}],"author":[{"embeddable":true,"href":"https:\/\/psonizgierz.pl\/index.php?rest_route=\/wp\/v2\/users\/1"}],"replies":[{"embeddable":true,"href":"https:\/\/psonizgierz.pl\/index.php?rest_route=%2Fwp%2Fv2%2Fcomments&post=128"}],"version-history":[{"count":44,"href":"https:\/\/psonizgierz.pl\/index.php?rest_route=\/wp\/v2\/pages\/128\/revisions"}],"predecessor-version":[{"id":5235,"href":"https:\/\/psonizgierz.pl\/index.php?rest_route=\/wp\/v2\/pages\/128\/revisions\/5235"}],"wp:attachment":[{"href":"https:\/\/psonizgierz.pl\/index.php?rest_route=%2Fwp%2Fv2%2Fmedia&parent=128"}],"curies":[{"name":"wp","href":"https:\/\/api.w.org\/{rel}","templated":true}]}}