{"id":207,"date":"2018-12-06T13:43:34","date_gmt":"2018-12-06T12:43:34","guid":{"rendered":"http:\/\/psonizgierz.pl\/?page_id=207"},"modified":"2020-04-24T19:37:46","modified_gmt":"2020-04-24T17:37:46","slug":"integracja","status":"publish","type":"page","link":"https:\/\/psonizgierz.pl\/?page_id=207","title":{"rendered":"Integracja"},"content":{"rendered":"\n<figure class=\"wp-block-image\"><img loading=\"lazy\" decoding=\"async\" width=\"1024\" height=\"615\" src=\"https:\/\/psonizgierz.pl\/wp-content\/uploads\/2018\/12\/41539068_1895748837180685_5153659252790788096_o-1024x615.jpg\" alt=\"\" class=\"wp-image-499\" srcset=\"https:\/\/psonizgierz.pl\/wp-content\/uploads\/2018\/12\/41539068_1895748837180685_5153659252790788096_o-1024x615.jpg 1024w, https:\/\/psonizgierz.pl\/wp-content\/uploads\/2018\/12\/41539068_1895748837180685_5153659252790788096_o-300x180.jpg 300w, https:\/\/psonizgierz.pl\/wp-content\/uploads\/2018\/12\/41539068_1895748837180685_5153659252790788096_o-768x462.jpg 768w, https:\/\/psonizgierz.pl\/wp-content\/uploads\/2018\/12\/41539068_1895748837180685_5153659252790788096_o-240x145.jpg 240w, https:\/\/psonizgierz.pl\/wp-content\/uploads\/2018\/12\/41539068_1895748837180685_5153659252790788096_o.jpg 1797w\" sizes=\"auto, (max-width: 1024px) 100vw, 1024px\" \/><\/figure>\n\n\n<p>Stowarzyszenie w ramach dzia\u0142a\u0144 integracyjnych i cyklicznych organizuje:<\/p>\n<ul>\n<li>obchody Dnia Godno\u015bci Osoby z Niepe\u0142nosprawno\u015bci\u0105 Intelektualn\u0105 <em>\u201eSami o Sobie &#8211; wk\u0142ad os\u00f3b niepe\u0142nosprawnych w kultur\u0119 regionu\u201d<\/em>;<\/li>\n<li>regionalne eliminacj\u0119 do<em> og\u00f3lnopolskiego Festiwalu Tw\u00f3rczo\u015bci Teatralno-Muzycznej Os\u00f3b Niepe\u0142nosprawnych Intelektualnie &#8222;Albertiana<\/em>\u201d;<\/li>\n<li>piknik Integracyjny \u201e<em>Wsp\u00f3lne wi\u0119zi\u201d<\/em>;<\/li>\n<li>miting lekkoatletyczny dla os\u00f3b niepe\u0142nosprawnych intelektualnie;<\/li>\n<li>cykliczne spotkania wigilijne i wielkanocne;<\/li>\n<li>zabawy karnawa\u0142owe;<\/li>\n<li>warsztaty ceramiczne;<\/li>\n<li>dzia\u0142alno\u015b\u0107 Teatralno-Muzyczna Zespo\u0142u \u201eAkcent\u201d;<\/li>\n<li>prezentacje jase\u0142ek w wykonaniu uczestnik\u00f3w plac\u00f3wek PSONI Ko\u0142o w Zgierzu w ko\u015bcio\u0142ach;<\/li>\n<li>uczestnictwo w festynach i \u015bwi\u0119tach organizowanych przez plac\u00f3wki zrzeszaj\u0105ce osoby z niepe\u0142nosprawno\u015bci\u0105 intelektualna z terenu wojew\u00f3dztwa, a tak\u017ce w\u0142adze samorz\u0105dowe.<\/li>\n<\/ul>\n\n\n<figure class=\"wp-block-gallery columns-1 is-cropped wp-block-gallery-1 is-layout-flex wp-block-gallery-is-layout-flex\"><ul class=\"blocks-gallery-grid\"><li class=\"blocks-gallery-item\"><figure><img decoding=\"async\" src=\"https:\/\/psonizgierz.pl\/wp-content\/uploads\/2018\/12\/36287630_1779042105518026_4363916974393131008_o-1-1024x685.jpg\" alt=\"\" data-id=\"433\" data-link=\"https:\/\/psonizgierz.pl\/integracja\/36287630_1779042105518026_4363916974393131008_o-2\/\" class=\"wp-image-433\"\/><\/figure><\/li><\/ul><\/figure>\n\n\n\n<figure class=\"wp-block-gallery columns-3 is-cropped wp-block-gallery-2 is-layout-flex wp-block-gallery-is-layout-flex\"><ul class=\"blocks-gallery-grid\"><li class=\"blocks-gallery-item\"><figure><img loading=\"lazy\" decoding=\"async\" width=\"1024\" height=\"681\" src=\"https:\/\/psonizgierz.pl\/wp-content\/uploads\/2020\/04\/73460733_2556063901149172_6843875191827726336_o-1024x681.jpg\" alt=\"\" data-id=\"2430\" data-full-url=\"https:\/\/psonizgierz.pl\/wp-content\/uploads\/2020\/04\/73460733_2556063901149172_6843875191827726336_o.jpg\" data-link=\"https:\/\/psonizgierz.pl\/73460733_2556063901149172_6843875191827726336_o\/\" class=\"wp-image-2430\" srcset=\"https:\/\/psonizgierz.pl\/wp-content\/uploads\/2020\/04\/73460733_2556063901149172_6843875191827726336_o-1024x681.jpg 1024w, https:\/\/psonizgierz.pl\/wp-content\/uploads\/2020\/04\/73460733_2556063901149172_6843875191827726336_o-300x199.jpg 300w, https:\/\/psonizgierz.pl\/wp-content\/uploads\/2020\/04\/73460733_2556063901149172_6843875191827726336_o-768x511.jpg 768w, https:\/\/psonizgierz.pl\/wp-content\/uploads\/2020\/04\/73460733_2556063901149172_6843875191827726336_o-1536x1021.jpg 1536w, https:\/\/psonizgierz.pl\/wp-content\/uploads\/2020\/04\/73460733_2556063901149172_6843875191827726336_o.jpg 1692w\" sizes=\"auto, (max-width: 1024px) 100vw, 1024px\" \/><\/figure><\/li><li class=\"blocks-gallery-item\"><figure><img loading=\"lazy\" decoding=\"async\" width=\"1024\" height=\"576\" src=\"https:\/\/psonizgierz.pl\/wp-content\/uploads\/2020\/04\/78106406_2636000113155550_4536514972531818496_o-1024x576.jpg\" alt=\"\" data-id=\"2431\" data-full-url=\"https:\/\/psonizgierz.pl\/wp-content\/uploads\/2020\/04\/78106406_2636000113155550_4536514972531818496_o.jpg\" data-link=\"https:\/\/psonizgierz.pl\/78106406_2636000113155550_4536514972531818496_o\/\" class=\"wp-image-2431\" srcset=\"https:\/\/psonizgierz.pl\/wp-content\/uploads\/2020\/04\/78106406_2636000113155550_4536514972531818496_o-1024x576.jpg 1024w, https:\/\/psonizgierz.pl\/wp-content\/uploads\/2020\/04\/78106406_2636000113155550_4536514972531818496_o-300x169.jpg 300w, https:\/\/psonizgierz.pl\/wp-content\/uploads\/2020\/04\/78106406_2636000113155550_4536514972531818496_o-768x432.jpg 768w, https:\/\/psonizgierz.pl\/wp-content\/uploads\/2020\/04\/78106406_2636000113155550_4536514972531818496_o-1536x864.jpg 1536w, https:\/\/psonizgierz.pl\/wp-content\/uploads\/2020\/04\/78106406_2636000113155550_4536514972531818496_o.jpg 2048w\" sizes=\"auto, (max-width: 1024px) 100vw, 1024px\" \/><\/figure><\/li><li class=\"blocks-gallery-item\"><figure><img loading=\"lazy\" decoding=\"async\" width=\"1024\" height=\"576\" src=\"https:\/\/psonizgierz.pl\/wp-content\/uploads\/2019\/10\/20190902_120342-1024x576.jpg\" alt=\"\" data-id=\"1881\" data-full-url=\"https:\/\/psonizgierz.pl\/wp-content\/uploads\/2019\/10\/20190902_120342.jpg\" data-link=\"https:\/\/psonizgierz.pl\/wyjazd-integracyjny-do-podgorzyna\/20190902_120342\/\" class=\"wp-image-1881\" srcset=\"https:\/\/psonizgierz.pl\/wp-content\/uploads\/2019\/10\/20190902_120342-1024x576.jpg 1024w, https:\/\/psonizgierz.pl\/wp-content\/uploads\/2019\/10\/20190902_120342-300x169.jpg 300w, https:\/\/psonizgierz.pl\/wp-content\/uploads\/2019\/10\/20190902_120342-768x432.jpg 768w, https:\/\/psonizgierz.pl\/wp-content\/uploads\/2019\/10\/20190902_120342.jpg 1200w\" sizes=\"auto, (max-width: 1024px) 100vw, 1024px\" \/><\/figure><\/li><li class=\"blocks-gallery-item\"><figure><img loading=\"lazy\" decoding=\"async\" width=\"685\" height=\"1024\" src=\"https:\/\/psonizgierz.pl\/wp-content\/uploads\/2019\/07\/IMG_8675-015-685x1024.jpg\" alt=\"\" data-id=\"1855\" data-full-url=\"https:\/\/psonizgierz.pl\/wp-content\/uploads\/2019\/07\/IMG_8675-015.jpg\" data-link=\"https:\/\/psonizgierz.pl\/warsztaty-taneczne-pt-tancze-pelnia-zycia\/img_8675-015\/\" class=\"wp-image-1855\" srcset=\"https:\/\/psonizgierz.pl\/wp-content\/uploads\/2019\/07\/IMG_8675-015-685x1024.jpg 685w, https:\/\/psonizgierz.pl\/wp-content\/uploads\/2019\/07\/IMG_8675-015-201x300.jpg 201w, https:\/\/psonizgierz.pl\/wp-content\/uploads\/2019\/07\/IMG_8675-015-768x1148.jpg 768w, https:\/\/psonizgierz.pl\/wp-content\/uploads\/2019\/07\/IMG_8675-015.jpg 1200w\" sizes=\"auto, (max-width: 685px) 100vw, 685px\" \/><\/figure><\/li><li class=\"blocks-gallery-item\"><figure><img loading=\"lazy\" decoding=\"async\" width=\"1024\" height=\"685\" src=\"https:\/\/psonizgierz.pl\/wp-content\/uploads\/2018\/12\/36293274_1779030835519153_8628789464614830080_o-1024x685.jpg\" alt=\"\" data-id=\"554\" data-full-url=\"https:\/\/psonizgierz.pl\/wp-content\/uploads\/2018\/12\/36293274_1779030835519153_8628789464614830080_o.jpg\" data-link=\"https:\/\/psonizgierz.pl\/witaj-swiecie\/36293274_1779030835519153_8628789464614830080_o\/\" class=\"wp-image-554\" srcset=\"https:\/\/psonizgierz.pl\/wp-content\/uploads\/2018\/12\/36293274_1779030835519153_8628789464614830080_o-1024x685.jpg 1024w, https:\/\/psonizgierz.pl\/wp-content\/uploads\/2018\/12\/36293274_1779030835519153_8628789464614830080_o-300x201.jpg 300w, https:\/\/psonizgierz.pl\/wp-content\/uploads\/2018\/12\/36293274_1779030835519153_8628789464614830080_o-768x514.jpg 768w, https:\/\/psonizgierz.pl\/wp-content\/uploads\/2018\/12\/36293274_1779030835519153_8628789464614830080_o.jpg 1936w\" sizes=\"auto, (max-width: 1024px) 100vw, 1024px\" \/><\/figure><\/li><li class=\"blocks-gallery-item\"><figure><img loading=\"lazy\" decoding=\"async\" width=\"717\" height=\"960\" src=\"https:\/\/psonizgierz.pl\/wp-content\/uploads\/2020\/04\/81353014_2724124267676467_7092044135971946496_o-1.jpg\" alt=\"\" data-id=\"2493\" data-full-url=\"https:\/\/psonizgierz.pl\/wp-content\/uploads\/2020\/04\/81353014_2724124267676467_7092044135971946496_o-1.jpg\" data-link=\"https:\/\/psonizgierz.pl\/81353014_2724124267676467_7092044135971946496_o-2\/\" class=\"wp-image-2493\" srcset=\"https:\/\/psonizgierz.pl\/wp-content\/uploads\/2020\/04\/81353014_2724124267676467_7092044135971946496_o-1.jpg 717w, https:\/\/psonizgierz.pl\/wp-content\/uploads\/2020\/04\/81353014_2724124267676467_7092044135971946496_o-1-224x300.jpg 224w\" sizes=\"auto, (max-width: 717px) 100vw, 717px\" \/><\/figure><\/li><li class=\"blocks-gallery-item\"><figure><img loading=\"lazy\" decoding=\"async\" width=\"1024\" height=\"681\" src=\"https:\/\/psonizgierz.pl\/wp-content\/uploads\/2020\/04\/73460733_2556063901149172_6843875191827726336_o-2-1024x681.jpg\" alt=\"\" data-id=\"2490\" data-full-url=\"https:\/\/psonizgierz.pl\/wp-content\/uploads\/2020\/04\/73460733_2556063901149172_6843875191827726336_o-2.jpg\" data-link=\"https:\/\/psonizgierz.pl\/73460733_2556063901149172_6843875191827726336_o-3\/\" class=\"wp-image-2490\" srcset=\"https:\/\/psonizgierz.pl\/wp-content\/uploads\/2020\/04\/73460733_2556063901149172_6843875191827726336_o-2-1024x681.jpg 1024w, https:\/\/psonizgierz.pl\/wp-content\/uploads\/2020\/04\/73460733_2556063901149172_6843875191827726336_o-2-300x199.jpg 300w, https:\/\/psonizgierz.pl\/wp-content\/uploads\/2020\/04\/73460733_2556063901149172_6843875191827726336_o-2-768x511.jpg 768w, https:\/\/psonizgierz.pl\/wp-content\/uploads\/2020\/04\/73460733_2556063901149172_6843875191827726336_o-2-1536x1021.jpg 1536w, https:\/\/psonizgierz.pl\/wp-content\/uploads\/2020\/04\/73460733_2556063901149172_6843875191827726336_o-2.jpg 1692w\" sizes=\"auto, (max-width: 1024px) 100vw, 1024px\" \/><\/figure><\/li><li class=\"blocks-gallery-item\"><figure><img loading=\"lazy\" decoding=\"async\" width=\"1024\" height=\"768\" src=\"https:\/\/psonizgierz.pl\/wp-content\/uploads\/2020\/04\/84300770_2779067662182127_4854045722951024640_o-1024x768.jpg\" alt=\"\" data-id=\"2488\" data-full-url=\"https:\/\/psonizgierz.pl\/wp-content\/uploads\/2020\/04\/84300770_2779067662182127_4854045722951024640_o.jpg\" data-link=\"https:\/\/psonizgierz.pl\/84300770_2779067662182127_4854045722951024640_o\/\" class=\"wp-image-2488\" srcset=\"https:\/\/psonizgierz.pl\/wp-content\/uploads\/2020\/04\/84300770_2779067662182127_4854045722951024640_o-1024x768.jpg 1024w, https:\/\/psonizgierz.pl\/wp-content\/uploads\/2020\/04\/84300770_2779067662182127_4854045722951024640_o-300x225.jpg 300w, https:\/\/psonizgierz.pl\/wp-content\/uploads\/2020\/04\/84300770_2779067662182127_4854045722951024640_o-768x576.jpg 768w, https:\/\/psonizgierz.pl\/wp-content\/uploads\/2020\/04\/84300770_2779067662182127_4854045722951024640_o-1536x1152.jpg 1536w, https:\/\/psonizgierz.pl\/wp-content\/uploads\/2020\/04\/84300770_2779067662182127_4854045722951024640_o.jpg 2048w\" sizes=\"auto, (max-width: 1024px) 100vw, 1024px\" \/><\/figure><\/li><li class=\"blocks-gallery-item\"><figure><img loading=\"lazy\" decoding=\"async\" width=\"1024\" height=\"768\" src=\"https:\/\/psonizgierz.pl\/wp-content\/uploads\/2020\/04\/71047148_2484870048268558_2133876332612812800_o-1.jpg\" alt=\"\" data-id=\"2571\" data-full-url=\"https:\/\/psonizgierz.pl\/wp-content\/uploads\/2020\/04\/71047148_2484870048268558_2133876332612812800_o-1.jpg\" data-link=\"https:\/\/psonizgierz.pl\/71047148_2484870048268558_2133876332612812800_o-2\/\" class=\"wp-image-2571\" srcset=\"https:\/\/psonizgierz.pl\/wp-content\/uploads\/2020\/04\/71047148_2484870048268558_2133876332612812800_o-1.jpg 1024w, https:\/\/psonizgierz.pl\/wp-content\/uploads\/2020\/04\/71047148_2484870048268558_2133876332612812800_o-1-300x225.jpg 300w, https:\/\/psonizgierz.pl\/wp-content\/uploads\/2020\/04\/71047148_2484870048268558_2133876332612812800_o-1-768x576.jpg 768w\" sizes=\"auto, (max-width: 1024px) 100vw, 1024px\" \/><\/figure><\/li><li class=\"blocks-gallery-item\"><figure><img loading=\"lazy\" decoding=\"async\" width=\"1024\" height=\"681\" src=\"https:\/\/psonizgierz.pl\/wp-content\/uploads\/2020\/04\/60354608_2255975071158058_18833921219231744_o-1024x681.jpg\" alt=\"\" data-id=\"2539\" data-full-url=\"https:\/\/psonizgierz.pl\/wp-content\/uploads\/2020\/04\/60354608_2255975071158058_18833921219231744_o.jpg\" data-link=\"https:\/\/psonizgierz.pl\/60354608_2255975071158058_18833921219231744_o\/\" class=\"wp-image-2539\" srcset=\"https:\/\/psonizgierz.pl\/wp-content\/uploads\/2020\/04\/60354608_2255975071158058_18833921219231744_o-1024x681.jpg 1024w, https:\/\/psonizgierz.pl\/wp-content\/uploads\/2020\/04\/60354608_2255975071158058_18833921219231744_o-300x199.jpg 300w, https:\/\/psonizgierz.pl\/wp-content\/uploads\/2020\/04\/60354608_2255975071158058_18833921219231744_o-768x511.jpg 768w, https:\/\/psonizgierz.pl\/wp-content\/uploads\/2020\/04\/60354608_2255975071158058_18833921219231744_o-1536x1021.jpg 1536w, https:\/\/psonizgierz.pl\/wp-content\/uploads\/2020\/04\/60354608_2255975071158058_18833921219231744_o.jpg 1734w\" sizes=\"auto, (max-width: 1024px) 100vw, 1024px\" \/><\/figure><\/li><li class=\"blocks-gallery-item\"><figure><img loading=\"lazy\" decoding=\"async\" width=\"1024\" height=\"681\" src=\"https:\/\/psonizgierz.pl\/wp-content\/uploads\/2020\/04\/60347697_2255975534491345_5214143361664942080_o-1024x681.jpg\" alt=\"\" data-id=\"2540\" data-full-url=\"https:\/\/psonizgierz.pl\/wp-content\/uploads\/2020\/04\/60347697_2255975534491345_5214143361664942080_o.jpg\" data-link=\"https:\/\/psonizgierz.pl\/60347697_2255975534491345_5214143361664942080_o\/\" class=\"wp-image-2540\" srcset=\"https:\/\/psonizgierz.pl\/wp-content\/uploads\/2020\/04\/60347697_2255975534491345_5214143361664942080_o-1024x681.jpg 1024w, https:\/\/psonizgierz.pl\/wp-content\/uploads\/2020\/04\/60347697_2255975534491345_5214143361664942080_o-300x199.jpg 300w, https:\/\/psonizgierz.pl\/wp-content\/uploads\/2020\/04\/60347697_2255975534491345_5214143361664942080_o-768x511.jpg 768w, https:\/\/psonizgierz.pl\/wp-content\/uploads\/2020\/04\/60347697_2255975534491345_5214143361664942080_o-1536x1021.jpg 1536w, https:\/\/psonizgierz.pl\/wp-content\/uploads\/2020\/04\/60347697_2255975534491345_5214143361664942080_o.jpg 1734w\" sizes=\"auto, (max-width: 1024px) 100vw, 1024px\" \/><\/figure><\/li><li class=\"blocks-gallery-item\"><figure><img loading=\"lazy\" decoding=\"async\" width=\"199\" height=\"200\" src=\"https:\/\/psonizgierz.pl\/wp-content\/uploads\/2020\/04\/46113189_1981600258595542_1635255901134782464_o.jpg\" alt=\"\" data-id=\"2541\" data-full-url=\"https:\/\/psonizgierz.pl\/wp-content\/uploads\/2020\/04\/46113189_1981600258595542_1635255901134782464_o.jpg\" data-link=\"https:\/\/psonizgierz.pl\/46113189_1981600258595542_1635255901134782464_o\/\" class=\"wp-image-2541\" srcset=\"https:\/\/psonizgierz.pl\/wp-content\/uploads\/2020\/04\/46113189_1981600258595542_1635255901134782464_o.jpg 199w, https:\/\/psonizgierz.pl\/wp-content\/uploads\/2020\/04\/46113189_1981600258595542_1635255901134782464_o-180x180.jpg 180w\" sizes=\"auto, (max-width: 199px) 100vw, 199px\" \/><\/figure><\/li><li class=\"blocks-gallery-item\"><figure><img loading=\"lazy\" decoding=\"async\" width=\"1024\" height=\"681\" src=\"https:\/\/psonizgierz.pl\/wp-content\/uploads\/2020\/04\/60981224_2255974607824771_6966395602166874112_o-1024x681.jpg\" alt=\"\" data-id=\"2538\" data-full-url=\"https:\/\/psonizgierz.pl\/wp-content\/uploads\/2020\/04\/60981224_2255974607824771_6966395602166874112_o.jpg\" data-link=\"https:\/\/psonizgierz.pl\/60981224_2255974607824771_6966395602166874112_o\/\" class=\"wp-image-2538\" srcset=\"https:\/\/psonizgierz.pl\/wp-content\/uploads\/2020\/04\/60981224_2255974607824771_6966395602166874112_o-1024x681.jpg 1024w, https:\/\/psonizgierz.pl\/wp-content\/uploads\/2020\/04\/60981224_2255974607824771_6966395602166874112_o-300x199.jpg 300w, https:\/\/psonizgierz.pl\/wp-content\/uploads\/2020\/04\/60981224_2255974607824771_6966395602166874112_o-768x511.jpg 768w, https:\/\/psonizgierz.pl\/wp-content\/uploads\/2020\/04\/60981224_2255974607824771_6966395602166874112_o-1536x1021.jpg 1536w, https:\/\/psonizgierz.pl\/wp-content\/uploads\/2020\/04\/60981224_2255974607824771_6966395602166874112_o.jpg 1734w\" sizes=\"auto, (max-width: 1024px) 100vw, 1024px\" \/><\/figure><\/li><li class=\"blocks-gallery-item\"><figure><img loading=\"lazy\" decoding=\"async\" width=\"1024\" height=\"577\" src=\"https:\/\/psonizgierz.pl\/wp-content\/uploads\/2018\/12\/41729980_2390851000941893_1052243567063334912_o-1024x577.jpg\" alt=\"\" data-id=\"575\" data-full-url=\"https:\/\/psonizgierz.pl\/wp-content\/uploads\/2018\/12\/41729980_2390851000941893_1052243567063334912_o.jpg\" data-link=\"https:\/\/psonizgierz.pl\/41729980_2390851000941893_1052243567063334912_o\/\" class=\"wp-image-575\" srcset=\"https:\/\/psonizgierz.pl\/wp-content\/uploads\/2018\/12\/41729980_2390851000941893_1052243567063334912_o-1024x577.jpg 1024w, https:\/\/psonizgierz.pl\/wp-content\/uploads\/2018\/12\/41729980_2390851000941893_1052243567063334912_o-300x169.jpg 300w, https:\/\/psonizgierz.pl\/wp-content\/uploads\/2018\/12\/41729980_2390851000941893_1052243567063334912_o-768x432.jpg 768w, https:\/\/psonizgierz.pl\/wp-content\/uploads\/2018\/12\/41729980_2390851000941893_1052243567063334912_o.jpg 1918w\" sizes=\"auto, (max-width: 1024px) 100vw, 1024px\" \/><\/figure><\/li><li class=\"blocks-gallery-item\"><figure><img loading=\"lazy\" decoding=\"async\" width=\"960\" height=\"638\" src=\"https:\/\/psonizgierz.pl\/wp-content\/uploads\/2019\/12\/80722684_2678121338943427_6416424099316236288_o.jpg\" alt=\"\" data-id=\"2101\" data-full-url=\"https:\/\/psonizgierz.pl\/wp-content\/uploads\/2019\/12\/80722684_2678121338943427_6416424099316236288_o.jpg\" data-link=\"https:\/\/psonizgierz.pl\/cicha-noc-swieta-noc\/80722684_2678121338943427_6416424099316236288_o\/\" class=\"wp-image-2101\" srcset=\"https:\/\/psonizgierz.pl\/wp-content\/uploads\/2019\/12\/80722684_2678121338943427_6416424099316236288_o.jpg 960w, https:\/\/psonizgierz.pl\/wp-content\/uploads\/2019\/12\/80722684_2678121338943427_6416424099316236288_o-300x199.jpg 300w, https:\/\/psonizgierz.pl\/wp-content\/uploads\/2019\/12\/80722684_2678121338943427_6416424099316236288_o-768x510.jpg 768w\" sizes=\"auto, (max-width: 960px) 100vw, 960px\" \/><\/figure><\/li><\/ul><\/figure>\n","protected":false},"excerpt":{"rendered":"<p>Stowarzyszenie w ramach dzia\u0142a\u0144 integracyjnych i cyklicznych organizuje: obchody Dnia Godno\u015bci Osoby z Niepe\u0142nosprawno\u015bci\u0105 Intelektualn\u0105 \u201eSami o Sobie &#8211; wk\u0142ad os\u00f3b niepe\u0142nosprawnych w kultur\u0119 regionu\u201d; regionalne eliminacj\u0119 do og\u00f3lnopolskiego Festiwalu Tw\u00f3rczo\u015bci Teatralno-Muzycznej Os\u00f3b Niepe\u0142nosprawnych Intelektualnie &#8222;Albertiana\u201d; piknik Integracyjny \u201eWsp\u00f3lne wi\u0119zi\u201d; miting lekkoatletyczny dla os\u00f3b niepe\u0142nosprawnych intelektualnie; cykliczne spotkania wigilijne i wielkanocne; zabawy karnawa\u0142owe; warsztaty ceramiczne; [&hellip;]<\/p>\n","protected":false},"author":1,"featured_media":0,"parent":0,"menu_order":0,"comment_status":"closed","ping_status":"closed","template":"full-width.php","meta":{"footnotes":""},"class_list":["post-207","page","type-page","status-publish","hentry"],"_links":{"self":[{"href":"https:\/\/psonizgierz.pl\/index.php?rest_route=\/wp\/v2\/pages\/207","targetHints":{"allow":["GET"]}}],"collection":[{"href":"https:\/\/psonizgierz.pl\/index.php?rest_route=\/wp\/v2\/pages"}],"about":[{"href":"https:\/\/psonizgierz.pl\/index.php?rest_route=\/wp\/v2\/types\/page"}],"author":[{"embeddable":true,"href":"https:\/\/psonizgierz.pl\/index.php?rest_route=\/wp\/v2\/users\/1"}],"replies":[{"embeddable":true,"href":"https:\/\/psonizgierz.pl\/index.php?rest_route=%2Fwp%2Fv2%2Fcomments&post=207"}],"version-history":[{"count":9,"href":"https:\/\/psonizgierz.pl\/index.php?rest_route=\/wp\/v2\/pages\/207\/revisions"}],"predecessor-version":[{"id":2589,"href":"https:\/\/psonizgierz.pl\/index.php?rest_route=\/wp\/v2\/pages\/207\/revisions\/2589"}],"wp:attachment":[{"href":"https:\/\/psonizgierz.pl\/index.php?rest_route=%2Fwp%2Fv2%2Fmedia&parent=207"}],"curies":[{"name":"wp","href":"https:\/\/api.w.org\/{rel}","templated":true}]}}