{"id":2309,"date":"2020-04-20T15:21:16","date_gmt":"2020-04-20T13:21:16","guid":{"rendered":"http:\/\/psonizgierz.pl\/?page_id=2309"},"modified":"2025-12-07T12:37:58","modified_gmt":"2025-12-07T11:37:58","slug":"poradnia-logopedyczna-nfz","status":"publish","type":"page","link":"https:\/\/psonizgierz.pl\/?page_id=2309","title":{"rendered":"Poradnia logopedyczna"},"content":{"rendered":"<div class=\"wp-block-image\">\n<figure class=\"alignleft size-large is-resized\"><a href=\"https:\/\/www.nfz-lodz.pl\/\"><img loading=\"lazy\" decoding=\"async\" src=\"https:\/\/psonizgierz.pl\/wp-content\/uploads\/2018\/12\/nfz_logo_02oX6D62aapFTLo7bXW5mZ-2.jpg\" alt=\"\" class=\"wp-image-688\" width=\"198\" height=\"105\" srcset=\"https:\/\/psonizgierz.pl\/wp-content\/uploads\/2018\/12\/nfz_logo_02oX6D62aapFTLo7bXW5mZ-2.jpg 960w, https:\/\/psonizgierz.pl\/wp-content\/uploads\/2018\/12\/nfz_logo_02oX6D62aapFTLo7bXW5mZ-2-300x160.jpg 300w, https:\/\/psonizgierz.pl\/wp-content\/uploads\/2018\/12\/nfz_logo_02oX6D62aapFTLo7bXW5mZ-2-768x410.jpg 768w\" sizes=\"auto, (max-width: 198px) 100vw, 198px\" \/><\/a><\/figure>\n<\/div>\n\n\n<h4 class=\"wp-block-heading\">O\u015brodek realizuje kontrakt zawarty na podstawie umowy z<strong>&nbsp;\u0141\u00f3dzkim Oddzia\u0142em Wojew\u00f3dzkim Narodowego Funduszu Zdrowia<\/strong>&nbsp;na prowadzenie&nbsp;<strong>Poradni Logopedycznej <\/strong><\/h4>\n\n\n\n<div style=\"height:28px\" aria-hidden=\"true\" class=\"wp-block-spacer\"><\/div>\n\n\n\n<h3 class=\"wp-block-heading\"><mark style=\"background-color:rgba(0, 0, 0, 0)\" class=\"has-inline-color has-vivid-cyan-blue-color\"> <\/mark> <\/h3>\n\n\n<div class=\"wp-block-image\">\n<figure class=\"alignleft size-large is-resized\"><img loading=\"lazy\" decoding=\"async\" src=\"https:\/\/psonizgierz.pl\/wp-content\/uploads\/2020\/04\/90927767_2893773740711518_9079162965088796672_n-1.jpg\" alt=\"\" class=\"wp-image-2347\" width=\"134\" height=\"134\" srcset=\"https:\/\/psonizgierz.pl\/wp-content\/uploads\/2020\/04\/90927767_2893773740711518_9079162965088796672_n-1.jpg 346w, https:\/\/psonizgierz.pl\/wp-content\/uploads\/2020\/04\/90927767_2893773740711518_9079162965088796672_n-1-300x300.jpg 300w, https:\/\/psonizgierz.pl\/wp-content\/uploads\/2020\/04\/90927767_2893773740711518_9079162965088796672_n-1-180x180.jpg 180w\" sizes=\"auto, (max-width: 134px) 100vw, 134px\" \/><\/figure>\n<\/div>\n\n\n<p><strong>Kontakt<\/strong>: 42 717 47 11<\/p>\n\n\n\n<h4 class=\"wp-block-heading\"><br><\/h4>\n\n\n<div class=\"wp-block-image\">\n<figure class=\"alignleft is-resized\"><a href=\"http:\/\/45.132.147.229\/portal\"><img loading=\"lazy\" decoding=\"async\" src=\"https:\/\/psonizgierz.pl\/wp-content\/uploads\/2020\/04\/konsultacja_Psycholog_PTCA_wizyta_button.jpg\" alt=\"\" class=\"wp-image-2368\" width=\"227\" height=\"55\" srcset=\"https:\/\/psonizgierz.pl\/wp-content\/uploads\/2020\/04\/konsultacja_Psycholog_PTCA_wizyta_button.jpg 462w, https:\/\/psonizgierz.pl\/wp-content\/uploads\/2020\/04\/konsultacja_Psycholog_PTCA_wizyta_button-300x72.jpg 300w\" sizes=\"auto, (max-width: 227px) 100vw, 227px\" \/><\/a><\/figure>\n<\/div>\n\n\n<h4 class=\"wp-block-heading\"><\/h4>\n\n\n\n<div style=\"height:59px\" aria-hidden=\"true\" class=\"wp-block-spacer\"><\/div>\n\n\n\n<p><\/p>\n\n\n\n<p><strong>Warunki przyj\u0119\u0107 do poradni:<\/strong><\/p>\n\n\n\n<p><strong>WYMAGANE JEST SKIEROWANIE&nbsp;do Poradni Logopedyczne<\/strong>j (kod poradni 1616) <strong>od lekarza POZ lub lekarza specjalisty <\/strong>z podanym rozpoznaniem w j\u0119zyku polskim i kodem ICD-10 choroby. Proponujemy by na skierowaniu by\u0142a adnotacja \u201eobj\u0119cie opiek\u0105\u201d, poniewa\u017c cz\u0119sto potrzebna jest wizyta kontrolna. Rejestracja do poradni mo\u017cliwa jest poprzez kontakt telefoniczny (42&nbsp;717 47 11) w przypadku posiadania e-skierowania lub osobi\u015bcie w przypadku skierowania papierowego. Rejestracja wymaga podania danych osobowych dziecka oraz rodzic\u00f3w \/ opiekun\u00f3w prawnych. <mark style=\"background-color:rgba(0, 0, 0, 0)\" class=\"has-inline-color has-vivid-red-color\">Zgoda na udzielenie \u015bwiadcze\u0144 w O\u015brodku musi zosta\u0107 wyra\u017cona na pi\u015bmie przez oboje rodzic\u00f3w (druk w materia\u0142ach do pobrania).<\/mark><\/p>\n\n\n\n<p>Intensywno\u015b\u0107 i cz\u0119stotliwo\u015b\u0107 wizyt kontrolnych ustalana jest z Logoped\u0105 prowadz\u0105cym oraz zale\u017cy od dost\u0119pno\u015bci grafikowych. Zapisy na kolejne zaj\u0119cia odbywaj\u0105 si\u0119 z wizyty na wizyt\u0119, w Rejestracji (osobi\u015bcie lub telefonicznie). Na ka\u017cde kolejne zaj\u0119cia pacjenci zg\u0142aszaj\u0105 si\u0119 z w\u0142asnym zeszytem logopedycznym. Do zeszytu logopedycznego wklejane s\u0105 karty pracy, wpisywane zalecane \u0107wiczenia do wykonania w warunkach pozagabinetowych, informacje do innych specjalist\u00f3w prowadz\u0105cych pacjenta itp. Wizyta trwa do 30 min.<\/p>\n\n\n\n<p>Poradnia Logopedyczna prowadzi diagnostyk\u0119 oraz terapi\u0119 zaburze\u0144 mowy z zakresu logopedii og\u00f3lnej oraz neurologopedii. Oferta pomocy logopedycznej jest przeznaczona dla niemowl\u0105t, dzieci, szczeg\u00f3lnie dla dzieci z zaburzeniami rozwojowymi.<\/p>\n\n\n\n<p><strong>Wczesna interwencja logopedyczna<\/strong><\/p>\n\n\n\n<ul class=\"wp-block-list\"><li>terapia karmienia i po\u0142ykania<\/li><li>terapia zaburze\u0144 funkcji oralnych: ssania, gryzienia, \u017cucia<\/li><li>opieka nad dzieckiem z obci\u0105\u017conym okresem ci\u0105\u017cowo-oko\u0142oporodowym i wcze\u015bniakiem<\/li><li>terapia zaburze\u0144 gryzienia, \u017cucia i po\u0142ykania w przebiegu chor\u00f3b neurologicznych i zespo\u0142\u00f3w wad genetycznych<\/li><li>diagnostyka i terapia op\u00f3\u017anionego rozwoju mowy<\/li><\/ul>\n\n\n\n<p><strong>Diagnoza i terapia logopedyczna<\/strong><\/p>\n\n\n\n<ul class=\"wp-block-list\"><li>diagnoza i terapia typowych wad artykulacyjnych (seplenienie, rotacyzm, mowa bezd\u017awi\u0119czna)<\/li><li>zaburzenia mowy i komunikacji u dzieci z niepe\u0142nosprawno\u015bci\u0105 intelektualn\u0105<\/li><li>diagnoza i terapia umiej\u0119tno\u015bci komunikacyjnych dzieci z zespo\u0142ami wad wrodzonych oraz z zaburzeniami rozwojowymi, zaburzeniami neurologicznymi<\/li><li>terapia j\u0105kania, zaburze\u0144 p\u0142ynno\u015bci mowy<\/li><\/ul>\n","protected":false},"excerpt":{"rendered":"<p>O\u015brodek realizuje kontrakt zawarty na podstawie umowy z&nbsp;\u0141\u00f3dzkim Oddzia\u0142em Wojew\u00f3dzkim Narodowego Funduszu Zdrowia&nbsp;na prowadzenie&nbsp;Poradni Logopedycznej Kontakt: 42 717 47 11 Warunki przyj\u0119\u0107 do poradni: WYMAGANE JEST SKIEROWANIE&nbsp;do Poradni Logopedycznej (kod poradni 1616) od lekarza POZ lub lekarza specjalisty z podanym rozpoznaniem w j\u0119zyku polskim i kodem ICD-10 choroby. Proponujemy by na skierowaniu by\u0142a adnotacja \u201eobj\u0119cie [&hellip;]<\/p>\n","protected":false},"author":3,"featured_media":0,"parent":0,"menu_order":0,"comment_status":"closed","ping_status":"closed","template":"","meta":{"footnotes":""},"class_list":["post-2309","page","type-page","status-publish","hentry"],"_links":{"self":[{"href":"https:\/\/psonizgierz.pl\/index.php?rest_route=\/wp\/v2\/pages\/2309","targetHints":{"allow":["GET"]}}],"collection":[{"href":"https:\/\/psonizgierz.pl\/index.php?rest_route=\/wp\/v2\/pages"}],"about":[{"href":"https:\/\/psonizgierz.pl\/index.php?rest_route=\/wp\/v2\/types\/page"}],"author":[{"embeddable":true,"href":"https:\/\/psonizgierz.pl\/index.php?rest_route=\/wp\/v2\/users\/3"}],"replies":[{"embeddable":true,"href":"https:\/\/psonizgierz.pl\/index.php?rest_route=%2Fwp%2Fv2%2Fcomments&post=2309"}],"version-history":[{"count":29,"href":"https:\/\/psonizgierz.pl\/index.php?rest_route=\/wp\/v2\/pages\/2309\/revisions"}],"predecessor-version":[{"id":5234,"href":"https:\/\/psonizgierz.pl\/index.php?rest_route=\/wp\/v2\/pages\/2309\/revisions\/5234"}],"wp:attachment":[{"href":"https:\/\/psonizgierz.pl\/index.php?rest_route=%2Fwp%2Fv2%2Fmedia&parent=2309"}],"curies":[{"name":"wp","href":"https:\/\/api.w.org\/{rel}","templated":true}]}}