{"id":2317,"date":"2020-04-20T15:40:48","date_gmt":"2020-04-20T13:40:48","guid":{"rendered":"http:\/\/psonizgierz.pl\/?page_id=2317"},"modified":"2025-03-24T11:48:31","modified_gmt":"2025-03-24T10:48:31","slug":"e-rejestracja-nfz","status":"publish","type":"page","link":"https:\/\/psonizgierz.pl\/?page_id=2317","title":{"rendered":"E-rejestracja NFZ"},"content":{"rendered":"\n<h4 class=\"wp-block-heading\">Wychodz\u0105c naprzeciw oczekiwaniom, stworzyli\u015bmy mo\u017cliwo\u015b\u0107 rezerwacji terminu wizyty <span class=\"has-inline-color has-vivid-cyan-blue-color\">drog\u0105 elektroniczn\u0105 <\/span><\/h4>\n\n\n\n<h4 class=\"wp-block-heading\">do poradni specjalistycznych <span class=\"has-inline-color has-vivid-cyan-blue-color\"><a href=\"https:\/\/psonizgierz.pl\/osrodek-wczesnej-interwencji\/\">OWI<\/a><\/span>:<\/h4>\n\n\n\n<ul class=\"wp-block-list\"><li>Poradni zdrowia psychicznego dla dzieci<\/li><li>Poradni logopedycznej. <\/li><\/ul>\n\n\n\n<p>Obecnie aktualizujemy system<strong><span class=\"has-inline-color has-vivid-red-color\">  mEDICA <\/span><span class=\"has-inline-color has-vivid-red-color\"><\/span><span class=\"has-inline-color has-vivid-red-color\"><\/span><span class=\"has-inline-color has-vivid-red-color\">e<\/span><span class=\"has-inline-color has-vivid-cyan-blue-color\">Rejestracja<\/span><\/strong>  WKR\u00d3TCE<\/p>\n\n\n<div class=\"wp-block-image\">\n<figure class=\"aligncenter size-large is-resized\"><img loading=\"lazy\" decoding=\"async\" src=\"https:\/\/psonizgierz.pl\/wp-content\/uploads\/2020\/04\/E-rejestr.png\" alt=\"\" class=\"wp-image-2324\" width=\"366\" height=\"238\"\/><\/figure>\n<\/div>\n\n\n<p>Celem e-REJESTRACJI&nbsp; jest zwi\u0119kszenie dost\u0119pno\u015bci do us\u0142ug medycznych \u015bwiadczonych przez nasz\u0105 plac\u00f3wk\u0119 oraz oszcz\u0119dzenie Pa\u0144stwa cennego czasu.&nbsp;Podczas rejestracji prosimy Pa\u0144stwa o wpisanie poprawnie w\u0142asnych danych oraz wprowadzenie prawid\u0142owego adresu e-mail, poniewa\u017c drog\u0105 elektroniczn\u0105 b\u0119dziecie Pa\u0144stwo otrzymywa\u0107 informacj\u0119 o rezerwacji, ewentualnym zmianie terminu.<\/p>\n\n\n\n<p>Je\u015bli chcesz dowiedzie\u0107 si\u0119 w jaki spos\u00f3b korzysta\u0107 z naszej e-Rejestracji, ZAPOZNAJ SI\u0118 Z INSTRUKCJ\u0104<\/p>\n","protected":false},"excerpt":{"rendered":"<p>Wychodz\u0105c naprzeciw oczekiwaniom, stworzyli\u015bmy mo\u017cliwo\u015b\u0107 rezerwacji terminu wizyty drog\u0105 elektroniczn\u0105 do poradni specjalistycznych OWI: Poradni zdrowia psychicznego dla dzieci Poradni logopedycznej. Obecnie aktualizujemy system mEDICA eRejestracja WKR\u00d3TCE Celem e-REJESTRACJI&nbsp; jest zwi\u0119kszenie dost\u0119pno\u015bci do us\u0142ug medycznych \u015bwiadczonych przez nasz\u0105 plac\u00f3wk\u0119 oraz oszcz\u0119dzenie Pa\u0144stwa cennego czasu.&nbsp;Podczas rejestracji prosimy Pa\u0144stwa o wpisanie poprawnie w\u0142asnych danych oraz wprowadzenie prawid\u0142owego [&hellip;]<\/p>\n","protected":false},"author":3,"featured_media":0,"parent":0,"menu_order":0,"comment_status":"closed","ping_status":"closed","template":"","meta":{"footnotes":""},"class_list":["post-2317","page","type-page","status-publish","hentry"],"_links":{"self":[{"href":"https:\/\/psonizgierz.pl\/index.php?rest_route=\/wp\/v2\/pages\/2317","targetHints":{"allow":["GET"]}}],"collection":[{"href":"https:\/\/psonizgierz.pl\/index.php?rest_route=\/wp\/v2\/pages"}],"about":[{"href":"https:\/\/psonizgierz.pl\/index.php?rest_route=\/wp\/v2\/types\/page"}],"author":[{"embeddable":true,"href":"https:\/\/psonizgierz.pl\/index.php?rest_route=\/wp\/v2\/users\/3"}],"replies":[{"embeddable":true,"href":"https:\/\/psonizgierz.pl\/index.php?rest_route=%2Fwp%2Fv2%2Fcomments&post=2317"}],"version-history":[{"count":13,"href":"https:\/\/psonizgierz.pl\/index.php?rest_route=\/wp\/v2\/pages\/2317\/revisions"}],"predecessor-version":[{"id":5061,"href":"https:\/\/psonizgierz.pl\/index.php?rest_route=\/wp\/v2\/pages\/2317\/revisions\/5061"}],"wp:attachment":[{"href":"https:\/\/psonizgierz.pl\/index.php?rest_route=%2Fwp%2Fv2%2Fmedia&parent=2317"}],"curies":[{"name":"wp","href":"https:\/\/api.w.org\/{rel}","templated":true}]}}