{"id":232,"date":"2018-12-06T13:48:55","date_gmt":"2018-12-06T12:48:55","guid":{"rendered":"http:\/\/psonizgierz.pl\/?page_id=232"},"modified":"2023-01-07T22:06:45","modified_gmt":"2023-01-07T21:06:45","slug":"1-2","status":"publish","type":"page","link":"https:\/\/psonizgierz.pl\/?page_id=232","title":{"rendered":"1,5%"},"content":{"rendered":"<h3><strong>\u00a0<\/strong><\/h3>\n<h3><strong>Dzi\u0119kujemy, \u017ce wspierali\u015bcie i wspieracie nas w podejmowanych inicjatywach.<\/strong><\/h3>\n<h3><strong>RAZEM MO\u017bEMY JESZCZE WI\u0118CEJ. Dzi\u0119kujemy za zaufanie i Wasze OTWARTE SERCA.<\/strong><\/h3>\n<h4>Przekazuj\u0105c nam sw\u00f3j 1,5% podatku wspierasz dzia\u0142ania Stowarzyszenia oraz pomagasz w tworzeniu warunk\u00f3w do godnego i aktywnego \u017cycia os\u00f3b z niepe\u0142nosprawno\u015bci\u0105 intelektualn\u0105 na ka\u017cdym etapie.<\/h4>\n<h4><strong>ORGANIZACJA PO\u017bYTKU PUBLICZNEGO<\/strong><\/h4>\n<h3 class=\"has-luminous-vivid-amber-color has-text-color\"><a href=\"https:\/\/www.pitax.pl\/rozliczenie-pit-online-0000046184\/?fbclid=IwAR3rybdluNiuhpatEYw9yA-JgThTo257O-x6iKSlmAk7wmnKnqfH2MOUCK4\"><strong>KRS 0000046184<\/strong><\/a><\/h3>\n<h4><strong>Nr konta: 42 1240 3057 1111 0000 3442 3080<\/strong><\/h4>\n<p><span class=\"ff0 fs20 cf0\"><b><img loading=\"lazy\" decoding=\"async\" class=\"wp-image-298 alignright\" src=\"https:\/\/psonizgierz.pl\/wp-content\/uploads\/2018\/12\/30623665_1688002451288659_7059092051660374016_o-300x199.jpg\" alt=\"\" width=\"559\" height=\"371\" srcset=\"https:\/\/psonizgierz.pl\/wp-content\/uploads\/2018\/12\/30623665_1688002451288659_7059092051660374016_o-300x199.jpg 300w, https:\/\/psonizgierz.pl\/wp-content\/uploads\/2018\/12\/30623665_1688002451288659_7059092051660374016_o-768x508.jpg 768w, https:\/\/psonizgierz.pl\/wp-content\/uploads\/2018\/12\/30623665_1688002451288659_7059092051660374016_o-1024x678.jpg 1024w, https:\/\/psonizgierz.pl\/wp-content\/uploads\/2018\/12\/30623665_1688002451288659_7059092051660374016_o.jpg 1860w\" sizes=\"auto, (max-width: 559px) 100vw, 559px\" \/><\/b><\/span><\/p>\n<p style=\"text-align: center;\"><span class=\"ff0 fs20 cf0\"><b>\u00a0<\/b><\/span><\/p>\n\n<div class=\"wp-block-image\">\n<figure class=\"alignright size-large is-resized\"><img loading=\"lazy\" decoding=\"async\" src=\"https:\/\/psonizgierz.pl\/wp-content\/uploads\/2020\/12\/82361860_2742191529203074_1732784321980268544_o-1024x681.jpg\" alt=\"\" class=\"wp-image-3024\" width=\"285\" height=\"189\" srcset=\"https:\/\/psonizgierz.pl\/wp-content\/uploads\/2020\/12\/82361860_2742191529203074_1732784321980268544_o-1024x681.jpg 1024w, https:\/\/psonizgierz.pl\/wp-content\/uploads\/2020\/12\/82361860_2742191529203074_1732784321980268544_o-300x199.jpg 300w, https:\/\/psonizgierz.pl\/wp-content\/uploads\/2020\/12\/82361860_2742191529203074_1732784321980268544_o-768x511.jpg 768w, https:\/\/psonizgierz.pl\/wp-content\/uploads\/2020\/12\/82361860_2742191529203074_1732784321980268544_o-1536x1021.jpg 1536w, https:\/\/psonizgierz.pl\/wp-content\/uploads\/2020\/12\/82361860_2742191529203074_1732784321980268544_o.jpg 1692w\" sizes=\"auto, (max-width: 285px) 100vw, 285px\" \/><\/figure>\n<\/div>\n\n\n<h3 class=\"wp-block-heading\"><strong>WESPRZYJ NASZE DZIA\u0141ANIA PRZEKAZUJ\u0104C 1,5% PODATKU DOCHODOWEGO <a href=\"https:\/\/www.pitax.pl\/rozliczenie-pit-online-0000046184\/?fbclid=IwAR3rybdluNiuhpatEYw9yA-JgThTo257O-x6iKSlmAk7wmnKnqfH2MOUCK4\">POBIERZ I WYPE\u0141NIJ\u00a0 Z NAMI PIT<\/a><\/strong><\/h3>\n\n\n\n<blockquote class=\"wp-block-quote is-style-default is-layout-flow wp-block-quote-is-layout-flow\"><p><em><strong>Teraz mo\u017cesz 1,5 procentem swojego podatku wesprze\u0107 nasze Stowarzyszenie.<\/strong><\/em><\/p><\/blockquote>\n\n\n\n<blockquote class=\"wp-block-quote is-style-default is-layout-flow wp-block-quote-is-layout-flow\"><p><em><strong>Powiedz znajomym o naszej organizacji.  <\/strong><\/em><\/p><p><em><strong>Zach\u0119\u0107 ich do popierania naszych dzia\u0142a\u0144 i inicjatyw.<\/strong><\/em><\/p><\/blockquote>\n\n\n\n<blockquote class=\"wp-block-quote is-style-default is-layout-flow wp-block-quote-is-layout-flow\"><p><em><strong>Daj nam szans\u0119 zrealizowania projekt\u00f3w, kt\u00f3re bez Twojej i ich pomocy mog\u0105 pozosta\u0107 jedynie w sferze marze\u0144.<\/strong><\/em><\/p><\/blockquote>\n\n\n\n<p><\/p>\n\n\n\n<blockquote class=\"wp-block-quote is-style-default is-layout-flow wp-block-quote-is-layout-flow\"><p>1,5% to jedna setna cz\u0119\u015b\u0107 podatku dochodowego od os\u00f3b fizycznych, kt\u00f3r\u0105 podatnik mo\u017ce przekaza\u0107 wybranej przez siebie organizacji po\u017cytku publicznego.<br>1,5% nie jest darowizn\u0105 ani ulg\u0105. Jest dyspozycj\u0105 podatnika &#8211; osoby fizycznej &#8211; adresowan\u0105 do skarbu pa\u0144stwa, aby 1% jego podatku dochodowego zosta\u0142 przeznaczony na cele spo\u0142eczne realizowane przez podmiot maj\u0105cy status OPP.<\/p><\/blockquote>\n\n\n<div class=\"wp-block-image\">\n<figure class=\"alignright size-large\"><a href=\"https:\/\/www.pitax.pl\/rozliczenie-pit-online-0000046184\/\"><img loading=\"lazy\" decoding=\"async\" width=\"227\" height=\"81\" src=\"https:\/\/psonizgierz.pl\/wp-content\/uploads\/2021\/03\/banner3.png\" alt=\"\" class=\"wp-image-3698\"\/><\/a><\/figure>\n<\/div>\n\n\n<figure class=\"wp-block-image size-full\"><img loading=\"lazy\" decoding=\"async\" width=\"286\" height=\"176\" src=\"https:\/\/psonizgierz.pl\/wp-content\/uploads\/2023\/01\/images.png\" alt=\"\" class=\"wp-image-4400\"\/><\/figure>\n\n\n\n<div class=\"wp-block-columns is-layout-flex wp-container-core-columns-is-layout-9d6595d7 wp-block-columns-is-layout-flex\">\n<div class=\"wp-block-column is-layout-flow wp-block-column-is-layout-flow\" style=\"flex-basis:100%\">\n<p><a href=\"https:\/\/www.iwop.pl\/serwis-podatkowy\/\">Rozliczenie PIT we wsp\u00f3\u0142pracy z&nbsp;Instytutem Wsparcia Organizacji&nbsp;Pozarz\u0105dowych<\/a> w&nbsp;ramach projektu <a href=\"https:\/\/www.pitax.pl\/rozliczenie-pit\/\">PITax.pl dla OPP<\/a>.<\/p>\n\n\n\n<p>Zostaniesz przeniesiona\/y na stron\u0119 www.pitax.pl, gdzie rozliczysz si\u0119 online lub pobierzesz program do rozliczenia swojego podatku dochodowego za poprzedni rok.<\/p>\n\n\n\n<p>W Twoj\u0105 deklaracj\u0119 PIT zostanie automatycznie wpisany nr KRS: 0000046184 oraz nazwa naszej organizacji, na rzecz kt\u00f3rej przeka\u017cesz jeden procent w\u0142asnego podatku za poprzedni rok.<\/p>\n<\/div>\n<\/div>\n","protected":false},"excerpt":{"rendered":"<p>\u00a0 Dzi\u0119kujemy, \u017ce wspierali\u015bcie i wspieracie nas w podejmowanych inicjatywach. RAZEM MO\u017bEMY JESZCZE WI\u0118CEJ. Dzi\u0119kujemy za zaufanie i Wasze OTWARTE SERCA. Przekazuj\u0105c nam sw\u00f3j 1,5% podatku wspierasz dzia\u0142ania Stowarzyszenia oraz pomagasz w tworzeniu warunk\u00f3w do godnego i aktywnego \u017cycia os\u00f3b z niepe\u0142nosprawno\u015bci\u0105 intelektualn\u0105 na ka\u017cdym etapie. ORGANIZACJA PO\u017bYTKU PUBLICZNEGO KRS 0000046184 Nr konta: 42 1240 [&hellip;]<\/p>\n","protected":false},"author":1,"featured_media":298,"parent":0,"menu_order":0,"comment_status":"closed","ping_status":"closed","template":"full-width.php","meta":{"footnotes":""},"class_list":["post-232","page","type-page","status-publish","has-post-thumbnail","hentry"],"_links":{"self":[{"href":"https:\/\/psonizgierz.pl\/index.php?rest_route=\/wp\/v2\/pages\/232","targetHints":{"allow":["GET"]}}],"collection":[{"href":"https:\/\/psonizgierz.pl\/index.php?rest_route=\/wp\/v2\/pages"}],"about":[{"href":"https:\/\/psonizgierz.pl\/index.php?rest_route=\/wp\/v2\/types\/page"}],"author":[{"embeddable":true,"href":"https:\/\/psonizgierz.pl\/index.php?rest_route=\/wp\/v2\/users\/1"}],"replies":[{"embeddable":true,"href":"https:\/\/psonizgierz.pl\/index.php?rest_route=%2Fwp%2Fv2%2Fcomments&post=232"}],"version-history":[{"count":36,"href":"https:\/\/psonizgierz.pl\/index.php?rest_route=\/wp\/v2\/pages\/232\/revisions"}],"predecessor-version":[{"id":4401,"href":"https:\/\/psonizgierz.pl\/index.php?rest_route=\/wp\/v2\/pages\/232\/revisions\/4401"}],"wp:featuredmedia":[{"embeddable":true,"href":"https:\/\/psonizgierz.pl\/index.php?rest_route=\/wp\/v2\/media\/298"}],"wp:attachment":[{"href":"https:\/\/psonizgierz.pl\/index.php?rest_route=%2Fwp%2Fv2%2Fmedia&parent=232"}],"curies":[{"name":"wp","href":"https:\/\/api.w.org\/{rel}","templated":true}]}}