{"id":4258,"date":"2022-07-04T11:20:20","date_gmt":"2022-07-04T09:20:20","guid":{"rendered":"http:\/\/psonizgierz.pl\/?page_id=4258"},"modified":"2022-07-04T11:48:58","modified_gmt":"2022-07-04T09:48:58","slug":"wojewodztwo-lodzkie","status":"publish","type":"page","link":"https:\/\/psonizgierz.pl\/?page_id=4258","title":{"rendered":"Wojew\u00f3dztwo \u0142\u00f3dzkie"},"content":{"rendered":"\n<h3 class=\"wp-block-heading\">Realizacja zadania publicznego &#8222;Akcja-rehabilitacja-usprawnianie ruchowe dzieci w wieku 0-16 lat&#8221;<\/h3>\n\n\n\n<p>Termin realizacji zadania: 01.07.2022-31.12.2022<\/p>\n\n\n\n<p>Warto\u015b\u0107 zadania: 25.200,-<\/p>\n\n\n\n<p>Warto\u015b\u0107 dofinansowania: 20.122,00<\/p>\n\n\n\n<p> Wk\u0142ad w\u0142asny PSONI: 5.078,00<\/p>\n\n\n\n<figure class=\"wp-block-image size-large\"><img loading=\"lazy\" decoding=\"async\" width=\"1024\" height=\"342\" src=\"https:\/\/psonizgierz.pl\/wp-content\/uploads\/2022\/07\/288597199_2000247876828563_4337310426605819034_n-1024x342.jpg\" alt=\"\" class=\"wp-image-4264\" srcset=\"https:\/\/psonizgierz.pl\/wp-content\/uploads\/2022\/07\/288597199_2000247876828563_4337310426605819034_n-1024x342.jpg 1024w, https:\/\/psonizgierz.pl\/wp-content\/uploads\/2022\/07\/288597199_2000247876828563_4337310426605819034_n-300x100.jpg 300w, https:\/\/psonizgierz.pl\/wp-content\/uploads\/2022\/07\/288597199_2000247876828563_4337310426605819034_n-768x256.jpg 768w, https:\/\/psonizgierz.pl\/wp-content\/uploads\/2022\/07\/288597199_2000247876828563_4337310426605819034_n-1536x513.jpg 1536w, https:\/\/psonizgierz.pl\/wp-content\/uploads\/2022\/07\/288597199_2000247876828563_4337310426605819034_n-2048x684.jpg 2048w\" sizes=\"auto, (max-width: 1024px) 100vw, 1024px\" \/><figcaption>Wojew\u00f3dztwo \u0142\u00f3dzkie  finansowane z dotacji 2022<\/figcaption><\/figure>\n","protected":false},"excerpt":{"rendered":"<p>Realizacja zadania publicznego &#8222;Akcja-rehabilitacja-usprawnianie ruchowe dzieci w wieku 0-16 lat&#8221; Termin realizacji zadania: 01.07.2022-31.12.2022 Warto\u015b\u0107 zadania: 25.200,- Warto\u015b\u0107 dofinansowania: 20.122,00 Wk\u0142ad w\u0142asny PSONI: 5.078,00<\/p>\n","protected":false},"author":3,"featured_media":0,"parent":0,"menu_order":0,"comment_status":"closed","ping_status":"closed","template":"","meta":{"footnotes":""},"class_list":["post-4258","page","type-page","status-publish","hentry"],"_links":{"self":[{"href":"https:\/\/psonizgierz.pl\/index.php?rest_route=\/wp\/v2\/pages\/4258","targetHints":{"allow":["GET"]}}],"collection":[{"href":"https:\/\/psonizgierz.pl\/index.php?rest_route=\/wp\/v2\/pages"}],"about":[{"href":"https:\/\/psonizgierz.pl\/index.php?rest_route=\/wp\/v2\/types\/page"}],"author":[{"embeddable":true,"href":"https:\/\/psonizgierz.pl\/index.php?rest_route=\/wp\/v2\/users\/3"}],"replies":[{"embeddable":true,"href":"https:\/\/psonizgierz.pl\/index.php?rest_route=%2Fwp%2Fv2%2Fcomments&post=4258"}],"version-history":[{"count":2,"href":"https:\/\/psonizgierz.pl\/index.php?rest_route=\/wp\/v2\/pages\/4258\/revisions"}],"predecessor-version":[{"id":4282,"href":"https:\/\/psonizgierz.pl\/index.php?rest_route=\/wp\/v2\/pages\/4258\/revisions\/4282"}],"wp:attachment":[{"href":"https:\/\/psonizgierz.pl\/index.php?rest_route=%2Fwp%2Fv2%2Fmedia&parent=4258"}],"curies":[{"name":"wp","href":"https:\/\/api.w.org\/{rel}","templated":true}]}}