{"id":450,"date":"2018-12-10T17:07:55","date_gmt":"2018-12-10T16:07:55","guid":{"rendered":"http:\/\/psonizgierz.pl\/?page_id=450"},"modified":"2022-10-26T12:17:27","modified_gmt":"2022-10-26T10:17:27","slug":"__trashed","status":"publish","type":"page","link":"https:\/\/psonizgierz.pl\/?page_id=450","title":{"rendered":"Warsztat Terapii Zaj\u0119ciowej (WTZ)"},"content":{"rendered":"\n<h3 class=\"wp-block-heading\"><strong><br>Kierownik: Ma\u0142gorzata Potakowska<br>Nr konta: <span class=\"has-inline-color has-vivid-cyan-blue-color\">89 8783 0004 0020 5942 2000 0003 <\/span>&nbsp;<\/strong><br><\/h3>\n\n\n\n<p>WTZ dzia\u0142a od 01.11.1995 r., liczy 30 uczestnik\u00f3w, osoby doros\u0142e z niepe\u0142nosprawno\u015bci\u0105 intelektualn\u0105. <\/p>\n\n\n\n<p><em>Celem jest<\/em> <\/p>\n\n\n\n<ul class=\"wp-block-list\"><li><em>Przygotowanie m\u0142odzie\u017cy i os\u00f3b doros\u0142ych z niepe\u0142nosprawno\u015bci\u0105 do aktywno\u015bci zawodowej i w miar\u0119 mo\u017cliwo\u015bci do pe\u0142nego, samodzielnego i aktywnego funkcjonowania w spo\u0142ecze\u0144stwie<\/em><\/li><li><em> Tworzenie umiej\u0119tno\u015bci wykonywania czynno\u015bci \u017cycia codziennego i zaradno\u015bci osobistej<\/em>.<br>Przygotowanie do \u017cycia w \u015brodowisku spo\u0142ecznym realizowane jest m.in.n poprzez rozwijanie :<br><\/li><\/ul>\n\n\n\n<ul class=\"wp-block-list\"><li>umiej\u0119tno\u015b\u0107 planowania, komunikowania si\u0119, dokonywania wybor\u00f3w<br>i decydowania o swoich sprawach<\/li><li>umiej\u0119tno\u015bci przy zastosowaniu technik terapeutycznych, podstawowych oraz specjalistycznych umiej\u0119tno\u015bci zawodowych, umo\u017cliwiaj\u0105cych podj\u0119cie pracy w Zak\u0142adzie Aktywno\u015bci Zawodowej lub innej pracy zawodowej.<\/li><li><\/li><\/ul>\n\n\n\n<p>WTZ prowadzi formy rehabilitacji i terapii zaj\u0119ciowej w pracowniach:<br>&#8211; komputerowo-poligraficznej<br>&#8211; umiej\u0119tno\u015bci spo\u0142ecznych<br>&#8211; gospodarstwa domowego<br>&#8211; plastycznej, technicznej, r\u0119kodzie\u0142a<br>Rehabilitacji ruchowej<br>Zaj\u0119\u0107 og\u00f3lnorozwojowych, nauki p\u0142ywania i zaj\u0119\u0107 sportowych na basenie, gry w tenisa sto\u0142owego, zaj\u0119\u0107 lekkoatletycznych<br>Zaj\u0119\u0107 muzykoterapeutycznych i teatralnych<br>Zaj\u0119\u0107 logopedyczno-edukacyjnych i psychoterapeutycznych<br>Dzia\u0142alno\u015bci integracyjno-kulturowej.<br>Opieki medycznej i socjalnej.<\/p>\n\n\n\n<p><strong><em>Uczestnikami WTZ s\u0105 osoby z powiatu zgierskiego, kt\u00f3re uko\u0144czy\u0142y 16 r.\u017c., kt\u00f3rzy posiadaj\u0105 orzeczenie o&nbsp; umiarkowanym lub znacznym niepe\u0142nosprawno\u015bci wraz z kwalifikacj\u0105 do uczestnictwa w warsztatach terapii zaj\u0119ciowej.<\/em><\/strong><br><\/p>\n\n\n\n<figure class=\"wp-block-gallery has-nested-images columns-default is-cropped wp-block-gallery-1 is-layout-flex wp-block-gallery-is-layout-flex\">\n<figure class=\"wp-block-image size-large\"><img loading=\"lazy\" decoding=\"async\" width=\"1024\" height=\"576\" data-id=\"2439\" src=\"https:\/\/psonizgierz.pl\/wp-content\/uploads\/2020\/04\/51924601_2111841945571372_6363155398060408832_o-1024x576.jpg\" alt=\"\" class=\"wp-image-2439\" srcset=\"https:\/\/psonizgierz.pl\/wp-content\/uploads\/2020\/04\/51924601_2111841945571372_6363155398060408832_o-1024x576.jpg 1024w, https:\/\/psonizgierz.pl\/wp-content\/uploads\/2020\/04\/51924601_2111841945571372_6363155398060408832_o-300x169.jpg 300w, https:\/\/psonizgierz.pl\/wp-content\/uploads\/2020\/04\/51924601_2111841945571372_6363155398060408832_o-768x432.jpg 768w, https:\/\/psonizgierz.pl\/wp-content\/uploads\/2020\/04\/51924601_2111841945571372_6363155398060408832_o-1536x864.jpg 1536w, https:\/\/psonizgierz.pl\/wp-content\/uploads\/2020\/04\/51924601_2111841945571372_6363155398060408832_o.jpg 1992w\" sizes=\"auto, (max-width: 1024px) 100vw, 1024px\" \/><\/figure>\n\n\n\n<figure class=\"wp-block-image size-large\"><img loading=\"lazy\" decoding=\"async\" width=\"1024\" height=\"681\" data-id=\"1875\" src=\"https:\/\/psonizgierz.pl\/wp-content\/uploads\/2019\/07\/DSC_0304-1024x681.jpg\" alt=\"\" class=\"wp-image-1875\" srcset=\"https:\/\/psonizgierz.pl\/wp-content\/uploads\/2019\/07\/DSC_0304-1024x681.jpg 1024w, https:\/\/psonizgierz.pl\/wp-content\/uploads\/2019\/07\/DSC_0304-300x200.jpg 300w, https:\/\/psonizgierz.pl\/wp-content\/uploads\/2019\/07\/DSC_0304-768x511.jpg 768w, https:\/\/psonizgierz.pl\/wp-content\/uploads\/2019\/07\/DSC_0304.jpg 1200w\" sizes=\"auto, (max-width: 1024px) 100vw, 1024px\" \/><\/figure>\n\n\n\n<figure class=\"wp-block-image size-large\"><img loading=\"lazy\" decoding=\"async\" width=\"1024\" height=\"681\" data-id=\"1866\" src=\"https:\/\/psonizgierz.pl\/wp-content\/uploads\/2019\/07\/DSC_0358-1024x681.jpg\" alt=\"\" class=\"wp-image-1866\" srcset=\"https:\/\/psonizgierz.pl\/wp-content\/uploads\/2019\/07\/DSC_0358-1024x681.jpg 1024w, https:\/\/psonizgierz.pl\/wp-content\/uploads\/2019\/07\/DSC_0358-300x200.jpg 300w, https:\/\/psonizgierz.pl\/wp-content\/uploads\/2019\/07\/DSC_0358-768x511.jpg 768w, https:\/\/psonizgierz.pl\/wp-content\/uploads\/2019\/07\/DSC_0358.jpg 1200w\" sizes=\"auto, (max-width: 1024px) 100vw, 1024px\" \/><\/figure>\n\n\n\n<figure class=\"wp-block-image size-large\"><img loading=\"lazy\" decoding=\"async\" width=\"685\" height=\"1024\" data-id=\"1850\" src=\"https:\/\/psonizgierz.pl\/wp-content\/uploads\/2019\/07\/IMG_9093-147-685x1024.jpg\" alt=\"\" class=\"wp-image-1850\" srcset=\"https:\/\/psonizgierz.pl\/wp-content\/uploads\/2019\/07\/IMG_9093-147-685x1024.jpg 685w, https:\/\/psonizgierz.pl\/wp-content\/uploads\/2019\/07\/IMG_9093-147-201x300.jpg 201w, https:\/\/psonizgierz.pl\/wp-content\/uploads\/2019\/07\/IMG_9093-147-768x1148.jpg 768w, https:\/\/psonizgierz.pl\/wp-content\/uploads\/2019\/07\/IMG_9093-147.jpg 1200w\" sizes=\"auto, (max-width: 685px) 100vw, 685px\" \/><\/figure>\n\n\n\n<figure class=\"wp-block-image size-large\"><img loading=\"lazy\" decoding=\"async\" width=\"1024\" height=\"681\" data-id=\"570\" src=\"https:\/\/psonizgierz.pl\/wp-content\/uploads\/2018\/12\/21994230_1475616165860623_1525385102925381589_o-1024x681.jpg\" alt=\"\" class=\"wp-image-570\" srcset=\"https:\/\/psonizgierz.pl\/wp-content\/uploads\/2018\/12\/21994230_1475616165860623_1525385102925381589_o-1024x681.jpg 1024w, https:\/\/psonizgierz.pl\/wp-content\/uploads\/2018\/12\/21994230_1475616165860623_1525385102925381589_o-300x199.jpg 300w, https:\/\/psonizgierz.pl\/wp-content\/uploads\/2018\/12\/21994230_1475616165860623_1525385102925381589_o-768x510.jpg 768w, https:\/\/psonizgierz.pl\/wp-content\/uploads\/2018\/12\/21994230_1475616165860623_1525385102925381589_o.jpg 2048w\" sizes=\"auto, (max-width: 1024px) 100vw, 1024px\" \/><\/figure>\n\n\n\n<figure class=\"wp-block-image size-large\"><img loading=\"lazy\" decoding=\"async\" width=\"1024\" height=\"685\" data-id=\"552\" src=\"https:\/\/psonizgierz.pl\/wp-content\/uploads\/2018\/12\/36305155_1779045552184348_3542447282953650176_o-1024x685.jpg\" alt=\"\" class=\"wp-image-552\" srcset=\"https:\/\/psonizgierz.pl\/wp-content\/uploads\/2018\/12\/36305155_1779045552184348_3542447282953650176_o-1024x685.jpg 1024w, https:\/\/psonizgierz.pl\/wp-content\/uploads\/2018\/12\/36305155_1779045552184348_3542447282953650176_o-300x201.jpg 300w, https:\/\/psonizgierz.pl\/wp-content\/uploads\/2018\/12\/36305155_1779045552184348_3542447282953650176_o-768x514.jpg 768w, https:\/\/psonizgierz.pl\/wp-content\/uploads\/2018\/12\/36305155_1779045552184348_3542447282953650176_o.jpg 1936w\" sizes=\"auto, (max-width: 1024px) 100vw, 1024px\" \/><\/figure>\n\n\n\n<figure class=\"wp-block-image size-large\"><img loading=\"lazy\" decoding=\"async\" width=\"1024\" height=\"685\" data-id=\"426\" src=\"https:\/\/psonizgierz.pl\/wp-content\/uploads\/2018\/12\/36287630_1779042105518026_4363916974393131008_o-1024x685.jpg\" alt=\"\" class=\"wp-image-426\" srcset=\"https:\/\/psonizgierz.pl\/wp-content\/uploads\/2018\/12\/36287630_1779042105518026_4363916974393131008_o-1024x685.jpg 1024w, https:\/\/psonizgierz.pl\/wp-content\/uploads\/2018\/12\/36287630_1779042105518026_4363916974393131008_o-300x201.jpg 300w, https:\/\/psonizgierz.pl\/wp-content\/uploads\/2018\/12\/36287630_1779042105518026_4363916974393131008_o-768x514.jpg 768w, https:\/\/psonizgierz.pl\/wp-content\/uploads\/2018\/12\/36287630_1779042105518026_4363916974393131008_o.jpg 1936w\" sizes=\"auto, (max-width: 1024px) 100vw, 1024px\" \/><\/figure>\n\n\n\n<figure class=\"wp-block-image size-large\"><img loading=\"lazy\" decoding=\"async\" width=\"1024\" height=\"724\" data-id=\"3375\" src=\"https:\/\/psonizgierz.pl\/wp-content\/uploads\/2021\/01\/123577269_1511090739078349_2707022984778151060_o-1024x724.jpg\" alt=\"\" class=\"wp-image-3375\" srcset=\"https:\/\/psonizgierz.pl\/wp-content\/uploads\/2021\/01\/123577269_1511090739078349_2707022984778151060_o-1024x724.jpg 1024w, https:\/\/psonizgierz.pl\/wp-content\/uploads\/2021\/01\/123577269_1511090739078349_2707022984778151060_o-300x212.jpg 300w, https:\/\/psonizgierz.pl\/wp-content\/uploads\/2021\/01\/123577269_1511090739078349_2707022984778151060_o-768x543.jpg 768w, https:\/\/psonizgierz.pl\/wp-content\/uploads\/2021\/01\/123577269_1511090739078349_2707022984778151060_o-1536x1086.jpg 1536w, https:\/\/psonizgierz.pl\/wp-content\/uploads\/2021\/01\/123577269_1511090739078349_2707022984778151060_o.jpg 2048w\" sizes=\"auto, (max-width: 1024px) 100vw, 1024px\" \/><\/figure>\n<\/figure>\n\n\n\n<p>Warsztat funkcjonuje w budynku przy ul. Che\u0142mskiej 42\/42a w Zgierzu, od poniedzia\u0142ku do pi\u0105tku w godz. 8.00-16.00.<\/p>\n\n\n<div class=\"wp-block-image\">\n<figure class=\"aligncenter size-large\"><img loading=\"lazy\" decoding=\"async\" width=\"724\" height=\"1024\" src=\"https:\/\/psonizgierz.pl\/wp-content\/uploads\/2022\/10\/aktywni-1-724x1024.jpg\" alt=\"\" class=\"wp-image-4352\" srcset=\"https:\/\/psonizgierz.pl\/wp-content\/uploads\/2022\/10\/aktywni-1-724x1024.jpg 724w, https:\/\/psonizgierz.pl\/wp-content\/uploads\/2022\/10\/aktywni-1-212x300.jpg 212w, https:\/\/psonizgierz.pl\/wp-content\/uploads\/2022\/10\/aktywni-1-768x1086.jpg 768w, https:\/\/psonizgierz.pl\/wp-content\/uploads\/2022\/10\/aktywni-1-1086x1536.jpg 1086w, https:\/\/psonizgierz.pl\/wp-content\/uploads\/2022\/10\/aktywni-1-1449x2048.jpg 1449w, https:\/\/psonizgierz.pl\/wp-content\/uploads\/2022\/10\/aktywni-1-scaled.jpg 1811w\" sizes=\"auto, (max-width: 724px) 100vw, 724px\" \/><\/figure>\n<\/div>","protected":false},"excerpt":{"rendered":"<p>Kierownik: Ma\u0142gorzata PotakowskaNr konta: 89 8783 0004 0020 5942 2000 0003 &nbsp; WTZ dzia\u0142a od 01.11.1995 r., liczy 30 uczestnik\u00f3w, osoby doros\u0142e z niepe\u0142nosprawno\u015bci\u0105 intelektualn\u0105. Celem jest Przygotowanie m\u0142odzie\u017cy i os\u00f3b doros\u0142ych z niepe\u0142nosprawno\u015bci\u0105 do aktywno\u015bci zawodowej i w miar\u0119 mo\u017cliwo\u015bci do pe\u0142nego, samodzielnego i aktywnego funkcjonowania w spo\u0142ecze\u0144stwie Tworzenie umiej\u0119tno\u015bci wykonywania czynno\u015bci \u017cycia codziennego [&hellip;]<\/p>\n","protected":false},"author":3,"featured_media":0,"parent":128,"menu_order":0,"comment_status":"closed","ping_status":"closed","template":"full-width.php","meta":{"footnotes":""},"class_list":["post-450","page","type-page","status-publish","hentry"],"_links":{"self":[{"href":"https:\/\/psonizgierz.pl\/index.php?rest_route=\/wp\/v2\/pages\/450","targetHints":{"allow":["GET"]}}],"collection":[{"href":"https:\/\/psonizgierz.pl\/index.php?rest_route=\/wp\/v2\/pages"}],"about":[{"href":"https:\/\/psonizgierz.pl\/index.php?rest_route=\/wp\/v2\/types\/page"}],"author":[{"embeddable":true,"href":"https:\/\/psonizgierz.pl\/index.php?rest_route=\/wp\/v2\/users\/3"}],"replies":[{"embeddable":true,"href":"https:\/\/psonizgierz.pl\/index.php?rest_route=%2Fwp%2Fv2%2Fcomments&post=450"}],"version-history":[{"count":13,"href":"https:\/\/psonizgierz.pl\/index.php?rest_route=\/wp\/v2\/pages\/450\/revisions"}],"predecessor-version":[{"id":4354,"href":"https:\/\/psonizgierz.pl\/index.php?rest_route=\/wp\/v2\/pages\/450\/revisions\/4354"}],"up":[{"embeddable":true,"href":"https:\/\/psonizgierz.pl\/index.php?rest_route=\/wp\/v2\/pages\/128"}],"wp:attachment":[{"href":"https:\/\/psonizgierz.pl\/index.php?rest_route=%2Fwp%2Fv2%2Fmedia&parent=450"}],"curies":[{"name":"wp","href":"https:\/\/api.w.org\/{rel}","templated":true}]}}