{"id":950,"date":"2019-03-25T10:13:16","date_gmt":"2019-03-25T09:13:16","guid":{"rendered":"http:\/\/psonizgierz.pl\/?page_id=950"},"modified":"2023-09-04T22:52:49","modified_gmt":"2023-09-04T20:52:49","slug":"centrum-uslug-srodowiskowych","status":"publish","type":"page","link":"https:\/\/psonizgierz.pl\/?page_id=950","title":{"rendered":"CENTRUM \u015aRODOWISKOWEGO WSPARCIA"},"content":{"rendered":"\n<figure class=\"wp-block-image\"><img loading=\"lazy\" decoding=\"async\" width=\"1024\" height=\"118\" src=\"https:\/\/psonizgierz.pl\/wp-content\/uploads\/2019\/03\/obraz-4-1024x118.png\" alt=\"\" class=\"wp-image-1084\" srcset=\"https:\/\/psonizgierz.pl\/wp-content\/uploads\/2019\/03\/obraz-4-1024x118.png 1024w, https:\/\/psonizgierz.pl\/wp-content\/uploads\/2019\/03\/obraz-4-300x35.png 300w, https:\/\/psonizgierz.pl\/wp-content\/uploads\/2019\/03\/obraz-4-768x89.png 768w, https:\/\/psonizgierz.pl\/wp-content\/uploads\/2019\/03\/obraz-4.png 1041w\" sizes=\"auto, (max-width: 1024px) 100vw, 1024px\" \/><\/figure>\n\n\n\n<p><\/p>\n\n\n\n<p>Centrum \u015arodowiskowego wsparcia os\u00f3b z niepe\u0142nosprawno\u015bci\u0105 i ich rodzin PSONI powsta\u0142o w wyniku realizowanego projektu w okresie <strong>maj 2019 r. \u2013 stycze\u0144 2022 r.<\/strong> w  partnerstwie ze Starostwem Powiatowym w Zgierzu &#8211; Centrum Us\u0142ug \u015arodowiskowych w Powiecie Zgierskim.<\/p>\n\n\n\n<p><strong>RPLD.09.02.01-10-B058\/18 &#8211; Centrum Us\u0142ug \u015arodowiskowych w Powiecie Zgierskim<\/strong><\/p>\n\n\n\n<p>zadanie:<em><strong> Utworzenie i dzia\u0142alno\u015b\u0107 mieszkania wspieranego i treningowego (MW)<\/strong><\/em><\/p>\n\n\n\n<p>zadanie: <strong>Wsparcie rodziny w zakresie opieki wytchnieniowej<\/strong><\/p>\n\n\n\n<p> w ramach Regionalnego Programu Operacyjnego Wojew\u00f3dztwa \u0141\u00f3dzkiego na lata 2014-2020 wsp\u00f3\u0142finansowanego  ze \u015brodk\u00f3w  Europejskiego  Funduszu  Spo\u0142ecznego, o\u015b priorytetowa IX W\u0142\u0105czenie spo\u0142eczne, dzia\u0142ania dla osi X.2 Us\u0142ugi na rzecz os\u00f3b zagro\u017conych ub\u00f3stwem lub wykluczeniem spo\u0142ecznym,  poddzia\u0142anie IX.2.1 Us\u0142ugi spo\u0142eczne i zdrowotne <\/p>\n\n\n\n<p><a href=\"http:\/\/www.pcpr-zgierz.bip.net.pl\/?a=663\">Plakat -informacja o projekcie<\/a><\/p>\n\n\n\n<p>Centrum \u015arodowiskowego Wsparcia&nbsp; PSONI&nbsp; to:<\/p>\n\n\n\n<ul class=\"wp-block-list\"><li><strong>Mieszkania wspierane i treningowe (MW)<\/strong><strong><\/strong><\/li><li><strong>Wsparcie rodziny w zakresie opieki wytchnieniowej<\/strong><strong><\/strong><\/li><li><strong>Asystencja osobista <\/strong><strong><\/strong><\/li><li><strong>Kr\u0119gi wsparcia<\/strong><strong><\/strong><\/li><li><strong>Wsparcie kryzysowe<\/strong><strong><\/strong><\/li><\/ul>\n\n\n\n<figure class=\"wp-block-gallery has-nested-images columns-default is-cropped wp-block-gallery-1 is-layout-flex wp-block-gallery-is-layout-flex\">\n<figure class=\"wp-block-image size-large\"><img loading=\"lazy\" decoding=\"async\" width=\"725\" height=\"1024\" data-id=\"1514\" src=\"https:\/\/psonizgierz.pl\/wp-content\/uploads\/2019\/04\/oficjal_1-725x1024.jpg\" alt=\"\" class=\"wp-image-1514\" srcset=\"https:\/\/psonizgierz.pl\/wp-content\/uploads\/2019\/04\/oficjal_1-725x1024.jpg 725w, https:\/\/psonizgierz.pl\/wp-content\/uploads\/2019\/04\/oficjal_1-212x300.jpg 212w, https:\/\/psonizgierz.pl\/wp-content\/uploads\/2019\/04\/oficjal_1-768x1085.jpg 768w, https:\/\/psonizgierz.pl\/wp-content\/uploads\/2019\/04\/oficjal_1.jpg 1123w\" sizes=\"auto, (max-width: 725px) 100vw, 725px\" \/><figcaption><a href=\"https:\/\/psonizgierz.pl\/wp-content\/uploads\/2019\/04\/cu\u015b-OFICJAL-1.pdf\">https:\/\/psonizgierz.pl\/wp-content\/uploads\/2019\/04\/cu\u015b-OFICJAL-1.pdf<\/a><\/figcaption><\/figure>\n\n\n\n<figure class=\"wp-block-image size-large\"><img loading=\"lazy\" decoding=\"async\" width=\"725\" height=\"1024\" data-id=\"1515\" src=\"https:\/\/psonizgierz.pl\/wp-content\/uploads\/2019\/04\/mieszkanie_2-725x1024.jpg\" alt=\"\" class=\"wp-image-1515\" srcset=\"https:\/\/psonizgierz.pl\/wp-content\/uploads\/2019\/04\/mieszkanie_2-725x1024.jpg 725w, https:\/\/psonizgierz.pl\/wp-content\/uploads\/2019\/04\/mieszkanie_2-212x300.jpg 212w, https:\/\/psonizgierz.pl\/wp-content\/uploads\/2019\/04\/mieszkanie_2-768x1085.jpg 768w, https:\/\/psonizgierz.pl\/wp-content\/uploads\/2019\/04\/mieszkanie_2.jpg 794w\" sizes=\"auto, (max-width: 725px) 100vw, 725px\" \/><figcaption><a href=\"https:\/\/psonizgierz.pl\/wp-content\/uploads\/2019\/04\/PSONI-mieszkanie-2.pdf\">https:\/\/psonizgierz.pl\/wp-content\/uploads\/2019\/04\/PSONI-mieszkanie-2.pdf<\/a><\/figcaption><\/figure>\n\n\n\n<figure class=\"wp-block-image size-large\"><img loading=\"lazy\" decoding=\"async\" width=\"725\" height=\"1024\" data-id=\"1516\" src=\"https:\/\/psonizgierz.pl\/wp-content\/uploads\/2019\/04\/opieka_3-725x1024.jpg\" alt=\"\" class=\"wp-image-1516\" srcset=\"https:\/\/psonizgierz.pl\/wp-content\/uploads\/2019\/04\/opieka_3-725x1024.jpg 725w, https:\/\/psonizgierz.pl\/wp-content\/uploads\/2019\/04\/opieka_3-212x300.jpg 212w, https:\/\/psonizgierz.pl\/wp-content\/uploads\/2019\/04\/opieka_3-768x1085.jpg 768w, https:\/\/psonizgierz.pl\/wp-content\/uploads\/2019\/04\/opieka_3.jpg 794w\" sizes=\"auto, (max-width: 725px) 100vw, 725px\" \/><figcaption><a href=\"https:\/\/psonizgierz.pl\/wp-content\/uploads\/2019\/04\/PSONI-opieka-wytchnieniowa.pdf\">https:\/\/psonizgierz.pl\/wp-content\/uploads\/2019\/04\/PSONI-opieka-wytchnieniowa.pdf<\/a><\/figcaption><\/figure>\n<\/figure>\n\n\n\n<figure class=\"wp-block-table is-style-stripes\"><table class=\"has-fixed-layout\"><tbody><tr><td><strong><a href=\"https:\/\/psonizgierz.pl\/wp-content\/uploads\/2019\/05\/REGULAMIN-REKRUTACJI-MIESZKALNICTWO.pdf\">Regulamin rekrutacji<\/a><\/strong><\/td><td><strong>Mieszkalnictwo wspomagane<\/strong> <br><em><a href=\"https:\/\/psonizgierz.pl\/wp-content\/uploads\/2019\/05\/Wniosek-o-przyznanie-pomocy-w-formie-pobytu-w-MW-i-MT.pdf\">materia\u0142y do pobrania<\/a><\/em><a href=\"https:\/\/psonizgierz.pl\/wp-content\/uploads\/2019\/05\/Wniosek-o-przyznanie-pomocy-w-formie-pobytu-w-MW-i-MT.pdf\"> <\/a><\/td><td><strong>Opieka wytchnieniowa<\/strong><br><a href=\"https:\/\/psonizgierz.pl\/wp-content\/uploads\/2020\/02\/cus.pdf\"><em>materia\u0142y do pobrania<\/em> <\/a><\/td><\/tr><\/tbody><\/table><\/figure>\n\n\n\n<p><br><\/p>\n\n\n\n<figure class=\"wp-block-image\"><img loading=\"lazy\" decoding=\"async\" width=\"1024\" height=\"118\" src=\"https:\/\/psonizgierz.pl\/wp-content\/uploads\/2019\/03\/obraz-4-1024x118.png\" alt=\"\" class=\"wp-image-1084\" srcset=\"https:\/\/psonizgierz.pl\/wp-content\/uploads\/2019\/03\/obraz-4-1024x118.png 1024w, https:\/\/psonizgierz.pl\/wp-content\/uploads\/2019\/03\/obraz-4-300x35.png 300w, https:\/\/psonizgierz.pl\/wp-content\/uploads\/2019\/03\/obraz-4-768x89.png 768w, https:\/\/psonizgierz.pl\/wp-content\/uploads\/2019\/03\/obraz-4.png 1041w\" sizes=\"auto, (max-width: 1024px) 100vw, 1024px\" \/><\/figure>\n\n\n\n<p><\/p>\n\n\n\n<p><\/p>\n","protected":false},"excerpt":{"rendered":"<p>Centrum \u015arodowiskowego wsparcia os\u00f3b z niepe\u0142nosprawno\u015bci\u0105 i ich rodzin PSONI powsta\u0142o w wyniku realizowanego projektu w okresie maj 2019 r. \u2013 stycze\u0144 2022 r. w partnerstwie ze Starostwem Powiatowym w Zgierzu &#8211; Centrum Us\u0142ug \u015arodowiskowych w Powiecie Zgierskim. RPLD.09.02.01-10-B058\/18 &#8211; Centrum Us\u0142ug \u015arodowiskowych w Powiecie Zgierskim zadanie: Utworzenie i dzia\u0142alno\u015b\u0107 mieszkania wspieranego i treningowego (MW) [&hellip;]<\/p>\n","protected":false},"author":3,"featured_media":0,"parent":0,"menu_order":0,"comment_status":"closed","ping_status":"closed","template":"","meta":{"footnotes":""},"class_list":["post-950","page","type-page","status-publish","hentry"],"_links":{"self":[{"href":"https:\/\/psonizgierz.pl\/index.php?rest_route=\/wp\/v2\/pages\/950","targetHints":{"allow":["GET"]}}],"collection":[{"href":"https:\/\/psonizgierz.pl\/index.php?rest_route=\/wp\/v2\/pages"}],"about":[{"href":"https:\/\/psonizgierz.pl\/index.php?rest_route=\/wp\/v2\/types\/page"}],"author":[{"embeddable":true,"href":"https:\/\/psonizgierz.pl\/index.php?rest_route=\/wp\/v2\/users\/3"}],"replies":[{"embeddable":true,"href":"https:\/\/psonizgierz.pl\/index.php?rest_route=%2Fwp%2Fv2%2Fcomments&post=950"}],"version-history":[{"count":32,"href":"https:\/\/psonizgierz.pl\/index.php?rest_route=\/wp\/v2\/pages\/950\/revisions"}],"predecessor-version":[{"id":4609,"href":"https:\/\/psonizgierz.pl\/index.php?rest_route=\/wp\/v2\/pages\/950\/revisions\/4609"}],"wp:attachment":[{"href":"https:\/\/psonizgierz.pl\/index.php?rest_route=%2Fwp%2Fv2%2Fmedia&parent=950"}],"curies":[{"name":"wp","href":"https:\/\/api.w.org\/{rel}","templated":true}]}}